{"id":8990,"date":"2026-02-25T15:44:22","date_gmt":"2026-02-25T18:44:22","guid":{"rendered":"https:\/\/telectronica.com.uy\/?post_type=product&#038;p=8990"},"modified":"2026-02-25T15:44:24","modified_gmt":"2026-02-25T18:44:24","slug":"lector-fijo-industrial-zebra-fs42","status":"publish","type":"product","link":"https:\/\/telectronica.com.uy\/?product=lector-fijo-industrial-zebra-fs42","title":{"rendered":"Lector fijo Industrial ZEBRA FS42"},"content":{"rendered":"<h2 class=\"cmp-title__text\">Una combinaci\u00f3n inmejorable de caracter\u00edsticas, flexibilidad y potencia.<\/h2>\n<div class=\"text-jumbo text zbr-bg-cmp--pt-24 zbr-bg-cmp--pb-0 aem-GridColumn aem-GridColumn--default--6\">\n<section id=\"i4e668b1645b627ae578d5e86c1318b4b25388f56ba7c16cedff19433208d32e3\" class=\"cmp-text-jumbo\">\n<div class=\"text-jumbo text-left text-dark\">\n<div class=\"cmp-text\">\n<p>En el entorno empresarial actual, las empresas enfrentan crecientes demandas del comercio global y sus complejas cadenas de suministro, lo cual intensifica la presi\u00f3n para aumentar la productividad y reducir los tiempos de entrega.. Ya sea en manufactura, log\u00edstica o en la entrega al consumidor final, la clave del \u00e9xito reside en la gesti\u00f3n y el seguimiento efectivos de los productos clave que impulsan el crecimiento de su empresa<\/p>\n<p>El esc\u00e1ner fijo industrial FS42 est\u00e1 optimizado para realizar tareas intensivas en el uso de recursos, como aplicaciones de OCR basadas en aprendizaje profundo (deep learning) y el escaneo de alto rendimiento cuando la velocidad es primordial.\u00a0 Con opciones de sensores de 2\u00a0MP y 5\u00a0MP, la memoria incorporada y una unidad de procesamiento neuronal (NPU, por sus siglas en ingl\u00e9s) para acelerar el procesamiento de datos, el FS42 tambi\u00e9n ofrece una ruta actualizaci\u00f3n directa a aplicaciones m\u00e1s complejas de visi\u00f3n artificial.<\/p>\n<\/div>\n<\/div>\n<\/section>\n<\/div>\n<div class=\"text-jumbo text zbr-bg-cmp--pt-24 zbr-bg-cmp--pb-0 aem-GridColumn aem-GridColumn--default--6\">\n<section id=\"ib915fb104c009f6ceae25093d7d5f7a6cea1150a13fad31bb1a78c1fac897df5\" class=\"cmp-text-jumbo\">\n<div class=\"text-jumbo text-left text-dark\">\n<div class=\"cmp-text\">\n<h3><\/h3>\n<\/div>\n<\/div>\n<\/section>\n<\/div>\n<div class=\"text-jumbo text zbr-bg-cmp--pt-24 zbr-bg-cmp--pb-0 aem-GridColumn aem-GridColumn--default--6\">\n<section id=\"ia2138d48a36c0bcffed010e3c19ee1c9fbd6b8c172c6bdb3e006a1b5be10c84d\" class=\"cmp-text-jumbo\">\n<div class=\"text-jumbo text-left text-dark\">\n<div class=\"cmp-text\"><\/div>\n<\/div>\n<\/section>\n<\/div>\n","protected":false},"excerpt":{"rendered":"<div class=\"text-jumbo text zbr-bg-cmp--pt-24 zbr-bg-cmp--pb-0 aem-GridColumn aem-GridColumn--default--6\">\n<section id=\"ib915fb104c009f6ceae25093d7d5f7a6cea1150a13fad31bb1a78c1fac897df5\" class=\"cmp-text-jumbo\">\n<div class=\"text-jumbo text-left text-dark\">\n<div class=\"cmp-text\">\n<h3>Especificaciones<\/h3>\n<\/div>\n<\/div>\n<\/section>\n<\/div>\n<div class=\"text-jumbo text zbr-bg-cmp--pt-24 zbr-bg-cmp--pb-0 aem-GridColumn aem-GridColumn--default--6\">\n<section id=\"ia2138d48a36c0bcffed010e3c19ee1c9fbd6b8c172c6bdb3e006a1b5be10c84d\" class=\"cmp-text-jumbo\">\n<div class=\"text-jumbo text-left text-dark\">\n<div class=\"cmp-text\">\n<table border=\"1\" width=\"100%\" cellspacing=\"0\" cellpadding=\"1\">\n<tbody>\n<tr>\n<td><b>Software Aurora\u00a0Focus&#x2122;<\/b><\/td>\n<td>Plataforma intuitiva que facilita la tarea de configurar, implementar y ejecutar el FS42.<\/td>\n<\/tr>\n<tr>\n<td><b>Procesador<\/b><\/td>\n<td>Nuevo procesador de cuatro n\u00facleos para acelerar el rendimiento de escaneo y aplicaciones basadas en visi\u00f3n artificial.<\/td>\n<\/tr>\n<tr>\n<td><b>Actualizaciones de la licencia<\/b><\/td>\n<td>Paquetes de decodificador y conjuntos de herramientas de visi\u00f3n artificial<\/td>\n<\/tr>\n<tr>\n<td><b>Protocolos de comunicaci\u00f3n<\/b><\/td>\n<td>Ethernet\/IP, PROFINET, Modbus TCP, TCP\/IP, RS-232<\/td>\n<\/tr>\n<\/tbody>\n<\/table>\n<\/div>\n<\/div>\n<\/section>\n<\/div>\n","protected":false},"featured_media":0,"template":"","meta":{"inline_featured_image":false,"_joinchat":[]},"product_cat":[232,177,178,217],"product_tag":[],"class_list":{"0":"post-8990","1":"product","2":"type-product","3":"status-publish","5":"product_cat-de-montaje","6":"product_cat-fijos-de-mesa","7":"product_cat-ultrarresistentes-industriales","8":"product_cat-zebra","10":"first","11":"instock","12":"shipping-taxable","13":"product-type-simple"},"_links":{"self":[{"href":"https:\/\/telectronica.com.uy\/index.php?rest_route=\/wp\/v2\/product\/8990","targetHints":{"allow":["GET"]}}],"collection":[{"href":"https:\/\/telectronica.com.uy\/index.php?rest_route=\/wp\/v2\/product"}],"about":[{"href":"https:\/\/telectronica.com.uy\/index.php?rest_route=\/wp\/v2\/types\/product"}],"wp:attachment":[{"href":"https:\/\/telectronica.com.uy\/index.php?rest_route=%2Fwp%2Fv2%2Fmedia&parent=8990"}],"wp:term":[{"taxonomy":"product_cat","embeddable":true,"href":"https:\/\/telectronica.com.uy\/index.php?rest_route=%2Fwp%2Fv2%2Fproduct_cat&post=8990"},{"taxonomy":"product_tag","embeddable":true,"href":"https:\/\/telectronica.com.uy\/index.php?rest_route=%2Fwp%2Fv2%2Fproduct_tag&post=8990"}],"curies":[{"name":"wp","href":"https:\/\/api.w.org\/{rel}","templated":true}]}}