{"id":8974,"date":"2026-02-25T14:56:01","date_gmt":"2026-02-25T17:56:01","guid":{"rendered":"https:\/\/telectronica.com.uy\/?post_type=product&#038;p=8974"},"modified":"2026-02-25T14:56:36","modified_gmt":"2026-02-25T17:56:36","slug":"impresora-portatil-zebra-zq63-plus","status":"publish","type":"product","link":"https:\/\/telectronica.com.uy\/?product=impresora-portatil-zebra-zq63-plus","title":{"rendered":"Impresora portatil ZEBRA ZQ63 PLUS"},"content":{"rendered":"<h2 class=\"cmp-title__text\">Impresoras port\u00e1tiles de etiquetas y recibos de primera calidad para m\u00e1xima productividad.<\/h2>\n<p>&nbsp;<\/p>\n<p>\u00bfDesea mejorar la administraci\u00f3n del inventario y el servicio al cliente en su tienda? Con las impresoras port\u00e1tiles ZQ610 Plus, ZQ620 Plus y ZQ630 Plus, usted puede. La serie ZQ6 toma la popular plataforma QLn de Zebra y la mejora a\u00fan m\u00e1s, al agregar tecnolog\u00eda avanzada y dise\u00f1o innovador que llevan la productividad, la facilidad de uso y la capacidad de administraci\u00f3n a otro nivel. La pantalla a color grande facilita consultar el estado de la impresora. La tecnolog\u00eda avanzada y la mayor capacidad de la bater\u00eda alimentan cada periodo de trabajo. La caracter\u00edstica de activaci\u00f3n instant\u00e1nea garantiza que la serie ZQ6 nunca se desactive en el trabajo. Sus trabajadores obtienen las conexiones inal\u00e1mbricas r\u00e1pidas y confiables, y su departamento de TI descubrir\u00e1 que la serie ZQ6 es m\u00e1s f\u00e1cil de integrar, administrar, configurar y asegurar gracias al sistema operativo para impresoras Link-OS\u00ae de Zebra y el poderoso conjunto de aplicaciones, utilidades y herramientas para desarrolladores Zebra DNA. La serie ZQ6: la evoluci\u00f3n del est\u00e1ndar de excelencia para la impresi\u00f3n m\u00f3vil de etiquetas y recibos.<\/p>\n<h4><b>Itinerancia r\u00e1pida 802.11r est\u00e1ndar en la industria para un acceso fluido<\/b><\/h4>\n<p>Gracias a la compatibilidad con la tecnolog\u00eda de itinerancia r\u00e1pida 802.11r, sus trabajadores cuentan con la conexi\u00f3n confiable que necesitan para moverse.<\/p>\n<h4><b>Reactivaci\u00f3n instant\u00e1nea por Wi-Fi<\/b><\/h4>\n<p>Esta impresora inteligente cambia al modo suspensi\u00f3n cuando est\u00e1 inactiva y se reactiva autom\u00e1ticamente cuando el usuario env\u00eda un trabajo de impresi\u00f3n. Y la activaci\u00f3n instant\u00e1nea de la serie ZQ6 funciona con Wi-Fi y Bluetooth.<\/p>\n<h4><b>Con la pantalla a color grande, la configuraci\u00f3n y operaci\u00f3n son muy sencillas<\/b><\/h4>\n<p>La serie ZQ6 ofrece una pantalla grande, una interfaz intuitiva y un men\u00fa f\u00e1cil de personalizar. La serie ZQ6 est\u00e1 basada en el sistema de men\u00fas Link-OS de Zebra para ofrecer una experiencia de usuario igual a las de otras Impresoras industriales port\u00e1tiles, de escritorio y port\u00e1tiles Link-OS de Zebra.<\/p>\n<h4><b>Reforzada para la empresa: fabricada para uso empresarial todo el d\u00eda, todos los d\u00edas<\/b><\/h4>\n<p>Si bien la serie ZQ6 es liviana y c\u00f3moda para usar durante todo un turno, cuenta con numerosas caracter\u00edsticas que le ofrecen durabilidad a largo plazo, como la sobremoldura, una pantalla de vidrio templado y un dise\u00f1o perfecto de una \u00fanica pieza. La resina de primera calidad es uno de los pl\u00e1sticos m\u00e1s resistentes disponibles para mayor resistencia a los impactos.<\/p>\n<h3>Administraci\u00f3n de energ\u00eda de la bater\u00eda inigualable<\/h3>\n<h4><b><br \/>\nLogre m\u00e1s con una \u00fanica carga<\/b><\/h4>\n<p>Con la bater\u00eda de alta capacidad de la serie ZQ6, puede asegurarse de que todos los trabajadores tendr\u00e1n la energ\u00eda suficiente en cada turno<\/p>\n","protected":false},"excerpt":{"rendered":"<h3>Caracter\u00edsticas de primer nivel para m\u00e1xima productividad<\/h3>\n<h4><b><br \/>\nLa primera impresora port\u00e1til con Wi-Fi<sup>TM<\/sup>\u00a06 de la industria<\/b><\/h4>\n<p>La serie ZQ6 ofrece conexiones inal\u00e1mbricas r\u00e1pidas y confiables para sus aplicaciones en interiores. Aproveche su actualizaci\u00f3n de red Wi-Fi 6\/6E y obtenga la mejor seguridad WPA3 de su clase, velocidades ultrarr\u00e1pidas y roaming mejorado.<\/p>\n","protected":false},"featured_media":8975,"template":"","meta":{"inline_featured_image":false,"_joinchat":[]},"product_cat":[154,156,217],"product_tag":[],"class_list":{"0":"post-8974","1":"product","2":"type-product","3":"status-publish","4":"has-post-thumbnail","6":"product_cat-impresoras","7":"product_cat-portatiles","8":"product_cat-zebra","10":"first","11":"instock","12":"shipping-taxable","13":"product-type-simple"},"_links":{"self":[{"href":"https:\/\/telectronica.com.uy\/index.php?rest_route=\/wp\/v2\/product\/8974","targetHints":{"allow":["GET"]}}],"collection":[{"href":"https:\/\/telectronica.com.uy\/index.php?rest_route=\/wp\/v2\/product"}],"about":[{"href":"https:\/\/telectronica.com.uy\/index.php?rest_route=\/wp\/v2\/types\/product"}],"wp:featuredmedia":[{"embeddable":true,"href":"https:\/\/telectronica.com.uy\/index.php?rest_route=\/wp\/v2\/media\/8975"}],"wp:attachment":[{"href":"https:\/\/telectronica.com.uy\/index.php?rest_route=%2Fwp%2Fv2%2Fmedia&parent=8974"}],"wp:term":[{"taxonomy":"product_cat","embeddable":true,"href":"https:\/\/telectronica.com.uy\/index.php?rest_route=%2Fwp%2Fv2%2Fproduct_cat&post=8974"},{"taxonomy":"product_tag","embeddable":true,"href":"https:\/\/telectronica.com.uy\/index.php?rest_route=%2Fwp%2Fv2%2Fproduct_tag&post=8974"}],"curies":[{"name":"wp","href":"https:\/\/api.w.org\/{rel}","templated":true}]}}