{"id":8971,"date":"2026-02-25T14:41:15","date_gmt":"2026-02-25T17:41:15","guid":{"rendered":"https:\/\/telectronica.com.uy\/?post_type=product&#038;p=8971"},"modified":"2026-02-25T14:41:16","modified_gmt":"2026-02-25T17:41:16","slug":"auriculares-zebra-hs3100","status":"publish","type":"product","link":"https:\/\/telectronica.com.uy\/?product=auriculares-zebra-hs3100","title":{"rendered":"Auriculares ZEBRA HS3100"},"content":{"rendered":"<h2 class=\"cmp-title__text\">Auriculares resistentes para comunicaciones HD Voice cableados y con Bluetooth dise\u00f1ados para los entornos industriales m\u00e1s exigentes.<\/h2>\n<p>&nbsp;<\/p>\n<div class=\"text-jumbo text zbr-bg-cmp--pt-24 zbr-bg-cmp--pb-0 aem-GridColumn aem-GridColumn--default--12\">\n<section id=\"i5a31e3b128c8607a21480c581bac534f4ebf4edefc0a58eff0c35bae0cccbd76\" class=\"cmp-text-jumbo\">\n<div class=\"text-jumbo text-left text-dark\">\n<div class=\"cmp-text\">\n<p>Cuando se trata de ofrecer aplicaciones y comunicaciones de voz en centros de clasificaci\u00f3n, plantas de manufactura y almacenes al aire libre, necesita un auricular especialmente dise\u00f1ado para la tarea. Los auriculares con Bluetooth HS3100 y cableados HS2100 integran caracter\u00edsticas que ofrecen todo lo que necesita en unos auriculares industriales: un dise\u00f1o resistente para brindar un costo total de propiedad superior, HD Voice para lograr una claridad de sonido insuperable, estilo para el consumidor, comodidad excepcional y facilidad de uso, un dise\u00f1o modular y mucha bater\u00eda para mantener los modelos con Bluetooth funcionando durante los turnos m\u00e1s largos. Adem\u00e1s, el modelo inal\u00e1mbrico HS3100 ofrece a los trabajadores la libertad de caminar a una distancia de hasta 30\u00a0ft\/10\u00a0m del dispositivo m\u00f3vil. Brinde a sus trabajadores la experiencia de voz superior que necesitan para maximizar la productividad en sus aplicaciones dirigidas por voz con los auriculares resistentes HS3100 y HS2100, exclusivos de Zebra.<\/p>\n<\/div>\n<\/div>\n<\/section>\n<\/div>\n<div class=\"background responsivegrid zbr-bg-container--pt-0 zbr-bg-container--pb-24 aem-GridColumn aem-GridColumn--default--12 zbr-theme-container\">\n<div id=\"background-ec91ee44a1\" class=\"cmp-container cmp-container-v2 cmp-container--2-col-50-50  \">\n<div class=\"cmp-container__wrapper\">\n<div class=\"aem-Grid aem-Grid--12 aem-Grid--default--12 \">\n<div class=\"responsivegrid aem-GridColumn--default--none aem-GridColumn aem-GridColumn--default--6 aem-GridColumn--offset--default--0\">\n<div class=\"aem-Grid aem-Grid--6 aem-Grid--default--6 \">\n<div class=\"image zbr-bg-cmp--pt-8 zbr-bg-cmp--pb-8 aem-GridColumn aem-GridColumn--default--6\">\n<div class=\"image-center\"><picture><source srcset=\"\/content\/dam\/zebra_dam\/global\/zcom-web-production\/web-production-graphics\/spec-sheet-assets\/hs3100-hs2100-spec-sheet-asset-photography.jpg.imgw.3600.3600.jpg , \/content\/dam\/zebra_dam\/global\/zcom-web-production\/web-production-graphics\/spec-sheet-assets\/hs3100-hs2100-spec-sheet-asset-photography.jpg.imgw.3600.3600.jpg\" media=\"(min-width: 1400px)\" \/><source srcset=\"\/content\/dam\/zebra_dam\/global\/zcom-web-production\/web-production-graphics\/spec-sheet-assets\/hs3100-hs2100-spec-sheet-asset-photography.jpg.imgw.1920.1920.jpg , \/content\/dam\/zebra_dam\/global\/zcom-web-production\/web-production-graphics\/spec-sheet-assets\/hs3100-hs2100-spec-sheet-asset-photography.jpg.imgw.3600.3600.jpg\" media=\"(min-width: 992px) and (max-width: 1399px)\" \/><source srcset=\"\/content\/dam\/zebra_dam\/global\/zcom-web-production\/web-production-graphics\/spec-sheet-assets\/hs3100-hs2100-spec-sheet-asset-photography.jpg.imgw.1200.1200.jpg , \/content\/dam\/zebra_dam\/global\/zcom-web-production\/web-production-graphics\/spec-sheet-assets\/hs3100-hs2100-spec-sheet-asset-photography.jpg.imgw.1920.1920.jpg\" media=\"(min-width: 768px) and (max-width: 991px)\" \/><source srcset=\"\/content\/dam\/zebra_dam\/global\/zcom-web-production\/web-production-graphics\/spec-sheet-assets\/hs3100-hs2100-spec-sheet-asset-photography.jpg.imgw.600.600.jpg , \/content\/dam\/zebra_dam\/global\/zcom-web-production\/web-production-graphics\/spec-sheet-assets\/hs3100-hs2100-spec-sheet-asset-photography.jpg.imgw.1200.1200.jpg\" media=\"(max-width: 767px)\" \/><\/picture><\/div>\n<div>\n<h4><b>Dise\u00f1ados para resistir las ca\u00eddas inevitables de todos los d\u00edas<\/b><\/h4>\n<p>No hay manera de evitarlo: los auriculares sufrir\u00e1n ca\u00eddas frecuentes. Esto no es un problema con el HS3100 y HS2100. Estos auriculares resistentes contin\u00faan mantienen su funcionamiento confiable despu\u00e9s de ca\u00eddas desde 6\u00a0ft\/1,8\u00a0m sobre concreto y 1000\u00a0ca\u00eddas consecutivas desde 1,6\u00a0ft\/0,5\u00a0m en nuestro tambor (que simula los golpes que ocurren despu\u00e9s de una ca\u00edda).<\/p>\n<h4><b>Resistente al polvo, al roc\u00edo y al agua<\/b><\/h4>\n<p>Con la protecci\u00f3n IP67, los auriculares HS3100 y HS2100 son pr\u00e1cticamente impermeables al polvo y funcionan de manera confiable, incluso despu\u00e9s de la descarga de una manguera de alta presi\u00f3n o de la inmersi\u00f3n completa en agua.<\/p>\n<h4><b>Preparado para temperaturas bajo cero en c\u00e1maras frigor\u00edficas y al aire libre<\/b><\/h4>\n<p>Ambos auriculares est\u00e1n preparados para sus entornos m\u00e1s fr\u00edos, ya que ofrecen funcionamiento confiable en temperaturas bajo cero de hasta -22\u00a0\u00b0F\/-30\u00a0\u00b0C.<\/p>\n<h4><b>Liviano y extremadamente c\u00f3modo<\/b><\/h4>\n<p>Dado que los auriculares cableados HS2100 pesan 3.5\u00a0oz\/98\u00a0g y los auriculares con Bluetooth HS3100 pesan 4\u00a0oz\/115\u00a0g, sus trabajadores apenas sentir\u00e1n estos dispositivos livianos.<\/p>\n<h4><b>Tecnolog\u00eda de cancelaci\u00f3n de ruido superior<\/b><\/h4>\n<p>Elimina con eficacia el ruido de fondo para proteger la productividad. No hay necesidad de repetir informaci\u00f3n, incluso en los entornos m\u00e1s ruidosos.<\/p>\n<\/div>\n<\/div>\n<\/div>\n<\/div>\n<\/div>\n<\/div>\n<\/div>\n<\/div>\n","protected":false},"excerpt":{"rendered":"<h4><b>HD Voice brinda una claridad auditiva incre\u00edble a los modelos inal\u00e1mbricos y cableados<\/b><\/h4>\n<p>La compatibilidad con HD Voice, tambi\u00e9n conocido como \u201caudio de banda ancha\u201d, proporciona una calidad y claridad de voz superiores en todos los modelos. Las llamadas telef\u00f3nicas est\u00e1ndar usan un ancho de banda de 300\u00a0Hz a 3,4\u00a0kHz, pero HD Voice usa un ancho de banda de 50\u00a0Hz a 7\u00a0kHz para ofrecer dos octavos y medio m\u00e1s de informaci\u00f3n de voz. El resultado es una voz n\u00edtida que suena natural con una amplia mejora en la claridad, que brinda un nuevo nivel de precisi\u00f3n a las aplicaciones dirigidas por voz, como la selecci\u00f3n dirigida por voz.<\/p>\n","protected":false},"featured_media":8972,"template":"","meta":{"inline_featured_image":false,"_joinchat":[]},"product_cat":[240,217],"product_tag":[],"class_list":{"0":"post-8971","1":"product","2":"type-product","3":"status-publish","4":"has-post-thumbnail","6":"product_cat-accesorios","7":"product_cat-zebra","9":"first","10":"instock","11":"shipping-taxable","12":"product-type-simple"},"_links":{"self":[{"href":"https:\/\/telectronica.com.uy\/index.php?rest_route=\/wp\/v2\/product\/8971","targetHints":{"allow":["GET"]}}],"collection":[{"href":"https:\/\/telectronica.com.uy\/index.php?rest_route=\/wp\/v2\/product"}],"about":[{"href":"https:\/\/telectronica.com.uy\/index.php?rest_route=\/wp\/v2\/types\/product"}],"wp:featuredmedia":[{"embeddable":true,"href":"https:\/\/telectronica.com.uy\/index.php?rest_route=\/wp\/v2\/media\/8972"}],"wp:attachment":[{"href":"https:\/\/telectronica.com.uy\/index.php?rest_route=%2Fwp%2Fv2%2Fmedia&parent=8971"}],"wp:term":[{"taxonomy":"product_cat","embeddable":true,"href":"https:\/\/telectronica.com.uy\/index.php?rest_route=%2Fwp%2Fv2%2Fproduct_cat&post=8971"},{"taxonomy":"product_tag","embeddable":true,"href":"https:\/\/telectronica.com.uy\/index.php?rest_route=%2Fwp%2Fv2%2Fproduct_tag&post=8971"}],"curies":[{"name":"wp","href":"https:\/\/api.w.org\/{rel}","templated":true}]}}