{"id":8950,"date":"2026-02-25T14:02:56","date_gmt":"2026-02-25T17:02:56","guid":{"rendered":"https:\/\/telectronica.com.uy\/?post_type=product&#038;p=8950"},"modified":"2026-02-25T14:04:04","modified_gmt":"2026-02-25T17:04:04","slug":"colector-zebra-tc73-78","status":"publish","type":"product","link":"https:\/\/telectronica.com.uy\/?product=colector-zebra-tc73-78","title":{"rendered":"Colector ZEBRA TC73\/78"},"content":{"rendered":"<h2 class=\"cmp-title__text\">La computadora m\u00f3vil ultrarresistente redise\u00f1ada para la nueva era de la movilidad.<\/h2>\n<p>&nbsp;<\/p>\n<p>Presentamos las TC73\/TC78, una nueva generaci\u00f3n de computadoras m\u00f3viles dise\u00f1adas para una nueva generaci\u00f3n de soluciones m\u00f3viles. Transmisi\u00f3n de video, videollamadas, aplicaciones intuitivas con mucho contenido multimedia, aplicaciones de realidad aumentada que permiten flujos de trabajo nuevos y m\u00e1s efectivos: las computadoras TC73\/TC78 son resistentes, m\u00e1s delgadas y m\u00e1s livianas, y admiten todas estas funciones. M\u00e1s potencia de procesamiento para compatibilidad con aplicaciones simult\u00e1neas. Pantalla avanzada de 6\u00a0pulgadas. Opciones de bater\u00eda m\u00e1s flexibles. Compatibilidad completa con redes inal\u00e1mbricas para ofrecer rendimiento y fiabilidad sin igual: Wi-Fi<sup>TM<\/sup>\u00a06E, 5G y CBRS<sup>1<\/sup>. Bluetooth 5.2 que mejora el desempe\u00f1o de los perif\u00e9ricos. El pr\u00f3ximo nivel en rendimiento de escaneo con el motor de escaneo SE55 de alcance avanzado. Voz de alta claridad en llamadas de audio y video. Agregue la funcionalidad de una estaci\u00f3n de trabajo, radio bidireccional, RFID, dispositivo PBX y una soluci\u00f3n de medici\u00f3n m\u00f3vil integrada. Las herramientas Mobility DNA<sup>TM<\/sup>\u00a0simplifican cada aspecto de las TC73\/TC78. Adem\u00e1s, usted obtiene 5\u00a0a\u00f1os de disponibilidad del producto con 10\u00a0a\u00f1os de servicio y soporte. Ascienda de categor\u00eda a las TC73\/TC78 y entre en el nuevo mundo de la movilidad.<\/p>\n<p>&nbsp;<\/p>\n<h4><b>M\u00e1s resistente, liviano, delgado y ergon\u00f3mico<\/b><\/h4>\n<p>Las tecnolog\u00edas avanzadas de manufactura y materiales permiten un dise\u00f1o m\u00e1s resistente, sin agregar peso ni grosor. Est\u00e1 dise\u00f1ada para soportar ca\u00eddas desde 10\u00a0ft\/3,05\u00a0m de altura sobre concreto y 2000\u00a0golpes consecutivos. Con protecci\u00f3n IP65 e IP68, a prueba de polvo y de agua, puede sumergirse en agua y rociarse con una manguera. El panel Corning Gorilla Glass protege la pantalla y la ventana del lector de im\u00e1genes, dos de las piezas m\u00e1s importantes y vulnerables del dispositivo, con m\u00e1xima resistencia a rayaduras y protecci\u00f3n contra roturas. El dise\u00f1o industrial avanzado y la ergonom\u00eda brindan una comodidad superior a pr\u00e1cticamente cualquier tama\u00f1o de mano. Estas mejoras minimizan el esfuerzo requerido para sostener y usar estos dispositivos con un equilibrio excepcional, un \u00e1rea de agarre casi un 20\u00a0% m\u00e1s delgada y una ubicaci\u00f3n y tama\u00f1o adecuados de las teclas.<\/p>\n<p>&nbsp;<\/p>\n<h4><b>La mejor pantalla avanzada de 6\u00a0pulgadas del sector<\/b><\/h4>\n<p>M\u00e1s espacio de visualizaci\u00f3n se traduce en menos desplazamiento de pantalla. La pantalla de borde a borde es un 28\u00a0% m\u00e1s grande<sup>3<\/sup>, es f\u00e1cil de ver en interiores y exteriores, funciona cuando est\u00e1 mojada y puede usarse con un l\u00e1piz \u00f3ptico o un dedo (incluso con un guante).<\/p>\n<p>&nbsp;<\/p>\n<h4><b>Todas las caracter\u00edsticas de la bater\u00eda y la flexibilidad adecuadas para mantenerse encendida<\/b><\/h4>\n<p>Elija entre cuatro opciones de bater\u00eda: est\u00e1ndar, capacidad extendida, carga inal\u00e1mbrica<sup>4<\/sup>\u00a0y BLE, que permite ubicar el dispositivo con Device Tracker, incluso si la bater\u00eda est\u00e1 agotada. Todas las bater\u00edas son de carga r\u00e1pida. El compartimento de bater\u00eda sellado permite cambiar las bater\u00edas en cualquier momento y lugar. Se carga con cualquier cable de carga USB-C est\u00e1ndar. Adem\u00e1s, las m\u00e9tricas de bater\u00eda PowerPrecision+ hacen que sea f\u00e1cil identificar y retirar las bater\u00edas agotadas de su conjunto de bater\u00edas de repuesto.<\/p>\n<p>&nbsp;<\/p>\n<p>Reemplazan las versiones TC72\/TC77<\/p>\n","protected":false},"excerpt":{"rendered":"<h3>Repletas de las tecnolog\u00edas m\u00e1s recientes<\/h3>\n<p>&nbsp;<\/p>\n<h4><b>Velocidad ultrarr\u00e1pida<\/b><\/h4>\n<p>Ejecute aplicaciones exigentes en simult\u00e1neo con tiempos de respuesta casi al instante gracias a la mejor potencia de procesamiento, memoria y almacenamiento. El procesador de ocho n\u00facleos Qualcomm 6490 de pr\u00f3xima generaci\u00f3n ofrece un 90\u00a0% m\u00e1s de potencia de procesamiento, un procesador gr\u00e1fico un 400\u00a0% m\u00e1s r\u00e1pido y una localizaci\u00f3n seis veces m\u00e1s precisa.<sup>2<\/sup>\u00a0Y hasta 8\u00a0GB de memoria RAM y 128\u00a0GB de memoria Flash, adem\u00e1s de una ranura para tarjeta MicroSD de 2\u00a0TB, proporcionan amplio espacio de almacenamiento para la mayor\u00eda de las aplicaciones que usan grandes cantidades de datos.<\/p>\n","protected":false},"featured_media":8951,"template":"","meta":{"inline_featured_image":false,"_joinchat":[]},"product_cat":[180,214,217],"product_tag":[],"class_list":{"0":"post-8950","1":"product","2":"type-product","3":"status-publish","4":"has-post-thumbnail","6":"product_cat-de-mano-industrial","7":"product_cat-colectores-de-datos","8":"product_cat-zebra","10":"first","11":"instock","12":"shipping-taxable","13":"product-type-simple"},"_links":{"self":[{"href":"https:\/\/telectronica.com.uy\/index.php?rest_route=\/wp\/v2\/product\/8950","targetHints":{"allow":["GET"]}}],"collection":[{"href":"https:\/\/telectronica.com.uy\/index.php?rest_route=\/wp\/v2\/product"}],"about":[{"href":"https:\/\/telectronica.com.uy\/index.php?rest_route=\/wp\/v2\/types\/product"}],"wp:featuredmedia":[{"embeddable":true,"href":"https:\/\/telectronica.com.uy\/index.php?rest_route=\/wp\/v2\/media\/8951"}],"wp:attachment":[{"href":"https:\/\/telectronica.com.uy\/index.php?rest_route=%2Fwp%2Fv2%2Fmedia&parent=8950"}],"wp:term":[{"taxonomy":"product_cat","embeddable":true,"href":"https:\/\/telectronica.com.uy\/index.php?rest_route=%2Fwp%2Fv2%2Fproduct_cat&post=8950"},{"taxonomy":"product_tag","embeddable":true,"href":"https:\/\/telectronica.com.uy\/index.php?rest_route=%2Fwp%2Fv2%2Fproduct_tag&post=8950"}],"curies":[{"name":"wp","href":"https:\/\/api.w.org\/{rel}","templated":true}]}}