{"id":8941,"date":"2026-02-10T16:51:28","date_gmt":"2026-02-10T19:51:28","guid":{"rendered":"https:\/\/telectronica.com.uy\/?post_type=product&#038;p=8941"},"modified":"2026-02-25T14:09:00","modified_gmt":"2026-02-25T17:09:00","slug":"colector-zebra-tc58","status":"publish","type":"product","link":"https:\/\/telectronica.com.uy\/?product=colector-zebra-tc58","title":{"rendered":"Colector ZEBRA TC58"},"content":{"rendered":"<h2 class=\"cmp-title__text\">Tecnolog\u00eda para una nueva generaci\u00f3n de recopilaci\u00f3n de datos<\/h2>\n<p>&nbsp;<\/p>\n<p>Presentamos las computadoras m\u00f3viles TC53 y TC58, los primeros miembros de una nueva generaci\u00f3n de computadoras m\u00f3viles de Zebra dise\u00f1adas para hacer mucho m\u00e1s. \u00bfPor qu\u00e9 son tan distintos estos dispositivos? El nuevo hardware redefine el rendimiento del c\u00f3mputo m\u00f3vil. Nuevas soluciones y tecnolog\u00edas de sensor redefinen el mundo de las posibilidades: desde pagos m\u00f3viles hasta el dimensionamiento de paquetes. Con las \u00faltimas tecnolog\u00edas inal\u00e1mbricas, como 5G, Wi-Fi\u00a06E y CBRS (solo en EE.\u00a0UU.), los trabajadores obtienen un acceso m\u00e1s r\u00e1pido y fiable a la informaci\u00f3n necesaria para llevar a cabo las tareas. Gracias a la mejor pantalla de 6\u00a0pulgadas del sector, los trabajadores pueden ver y hacer m\u00e1s sin desplazarse tanto por la pantalla. Las herramientas Mobility DNA<sup>TM<\/sup>\u00a0exclusivas de Zebra traen consigo una ventaja porque maximizan la productividad del usuario, al tiempo que minimizan las complejidades de TI en todo el ciclo de vida de los dispositivos. Las nuevas tecnolog\u00edas de manufactura permiten que los equipos TC53 y TC58 sean m\u00e1s delgados, pero m\u00e1s resistentes. \u00bfEl resultado? Una nueva generaci\u00f3n de recopilaci\u00f3n de datos. Un nuevo nivel de eficiencia operativa. Y un nuevo nivel de productividad del personal. TC53\/TC58: nuevas posibilidades para el mundo de la movilidad.<\/p>\n<p>Proporcione a sus trabajadores las velocidades m\u00e1s r\u00e1pidas con Wi-Fi\u00a06E y 5G. Gracias a la compatibilidad con redes LTE privadas de servicio de radio de banda ancha ciudadana (CBRS, por sus siglas en ingl\u00e9s), se puede tener acceso a conectividad inal\u00e1mbrica rentable en las instalaciones m\u00e1s grandes, ya sea en exteriores o interiores.<\/p>\n<p>&nbsp;<\/p>\n<h4><b>La mejor pantalla avanzada de 6\u00a0pulgadas del sector<\/b><\/h4>\n<p>Obtenga la pantalla m\u00e1s grande, de m\u00e1s alta resoluci\u00f3n y de mayor brillo del sector. Las pantallas se pueden ver con claridad en interiores y exteriores. La tecnolog\u00eda de pantalla de borde a borde le ofrece m\u00e1s informaci\u00f3n sin necesidad de desplazarse. Funciona por m\u00e1s que est\u00e9 mojada. Los trabajadores pueden usar un l\u00e1piz \u00f3ptico o el dedo (con o sin guantes) sin necesidad de cambiar de modo.<\/p>\n<p>&nbsp;<\/p>\n<h4><b>M\u00e1s delgada y m\u00e1s resistente<\/b><\/h4>\n<p>El dise\u00f1o ergon\u00f3mico y la tecnolog\u00eda avanzada de manufactura y materiales hacen que la TC53 y la TC58 sean m\u00e1s delgadas, pero resistentes.<\/p>\n<p>&nbsp;<\/p>\n<h4><b>Tecnolog\u00eda de bater\u00edas sin igual<\/b><\/h4>\n<p>Garantice energ\u00eda para turnos completos y acceda a la inteligencia necesaria para administrar la energ\u00eda con las bater\u00edas de 4680\u00a0mAh (est\u00e1ndar) y 7000\u00a0mAh (larga duraci\u00f3n) PowerPrecision+ de Zebra.<\/p>\n<h4><b>No se pierda ni una palabra en todas las llamadas<\/b><\/h4>\n<p>Con tres micr\u00f3fonos integrados, dos altavoces y compatibilidad con auriculares cableados e inal\u00e1mbricos, es muy f\u00e1cil trabajar con otras personas.<\/p>\n<h4><b>Capture fotograf\u00edas y videos en resoluci\u00f3n ultraalta<\/b><\/h4>\n<p>La c\u00e1mara integrada de 16\u00a0MP ofrece la resoluci\u00f3n m\u00e1s alta en dispositivos de este tipo. Gracias a la estabilizaci\u00f3n de imagen \u00f3ptica (OIS, por sus siglas en ingl\u00e9s) opcional, podr\u00e1 capturar con facilidad fotograf\u00edas n\u00edtidas y repletas de detalles para documentar condiciones, entregas y m\u00e1s.<\/p>\n<h3>Las mejores innovaciones del sector, desde la carcasa hasta el procesador<\/h3>\n<h4><b>Velocidad ultrarr\u00e1pida<\/b><\/h4>\n<p>Obtenga tiempos de respuesta casi instant\u00e1neos en las aplicaciones m\u00e1s exigentes gracias a la mejor potencia de procesamiento, memoria y almacenamiento del sector: el nuevo procesador Qualcomm&#x2122; 6490 de ocho n\u00facleos, hasta 8\u00a0GB de RAM y 128\u00a0GB de memoria Flash, y una ranura para tarjetas de memoria MicroSD de 2\u00a0TB.<\/p>\n<h4><b>Las conexiones inal\u00e1mbricas m\u00e1s recientes<\/b><\/h4>\n","protected":false},"excerpt":{"rendered":"<h2 class=\"bulleted-list__listTitle\">Funciones principales<\/h2>\n<ul class=\"bulleted-list\">\n<li class=\"bulleted-list__item \">\n<h6 class=\"bulleted-list__title\">Tama\u00f1o de la pantalla: 6\u00a0in (15,2\u00a0cm)<\/h6>\n<\/li>\n<li class=\"bulleted-list__item \">\n<h6 class=\"bulleted-list__title\">Conectividad: Wi-Fi 6E, 5G, Bluetooth (WPAN)<\/h6>\n<\/li>\n<li class=\"bulleted-list__item \">\n<h6 class=\"bulleted-list__title\">Memoria: 4\u00a0GB de RAM\/64\u00a0GB de memoria flash UFS, 8\u00a0GB de RAM\/64\u00a0GB de memoria flash UFS, 8\u00a0GB de RAM\/128\u00a0GB de memoria flash UFS<\/h6>\n<\/li>\n<li class=\"bulleted-list__item \">\n<h6 class=\"bulleted-list__title\">Sistema operativo:<\/h6>\n<p>Android; para ver las versiones compatibles, visite:\u00a0<a href=\"https:\/\/www.zebra.com\/android-versions\">www.zebra.com\/android-versions<\/a><\/li>\n<li class=\"bulleted-list__item \">\n<h6 class=\"bulleted-list__title\">Capacidad de la bater\u00eda: Est\u00e1ndar, BLE y carga Inal\u00e1mbrica: Hasta 15\u00a0horas, 18,01\u00a0Wh (4680\u00a0mAh), Capacidad extendida: 26,95\u00a0Wh (7000\u00a0mAh)<\/h6>\n<\/li>\n<\/ul>\n","protected":false},"featured_media":8942,"template":"","meta":{"inline_featured_image":false,"_joinchat":[]},"product_cat":[180,214,217],"product_tag":[],"class_list":{"0":"post-8941","1":"product","2":"type-product","3":"status-publish","4":"has-post-thumbnail","6":"product_cat-de-mano-industrial","7":"product_cat-colectores-de-datos","8":"product_cat-zebra","10":"first","11":"instock","12":"shipping-taxable","13":"product-type-simple"},"_links":{"self":[{"href":"https:\/\/telectronica.com.uy\/index.php?rest_route=\/wp\/v2\/product\/8941","targetHints":{"allow":["GET"]}}],"collection":[{"href":"https:\/\/telectronica.com.uy\/index.php?rest_route=\/wp\/v2\/product"}],"about":[{"href":"https:\/\/telectronica.com.uy\/index.php?rest_route=\/wp\/v2\/types\/product"}],"wp:featuredmedia":[{"embeddable":true,"href":"https:\/\/telectronica.com.uy\/index.php?rest_route=\/wp\/v2\/media\/8942"}],"wp:attachment":[{"href":"https:\/\/telectronica.com.uy\/index.php?rest_route=%2Fwp%2Fv2%2Fmedia&parent=8941"}],"wp:term":[{"taxonomy":"product_cat","embeddable":true,"href":"https:\/\/telectronica.com.uy\/index.php?rest_route=%2Fwp%2Fv2%2Fproduct_cat&post=8941"},{"taxonomy":"product_tag","embeddable":true,"href":"https:\/\/telectronica.com.uy\/index.php?rest_route=%2Fwp%2Fv2%2Fproduct_tag&post=8941"}],"curies":[{"name":"wp","href":"https:\/\/api.w.org\/{rel}","templated":true}]}}