{"id":8931,"date":"2025-05-15T12:27:15","date_gmt":"2025-05-15T15:27:15","guid":{"rendered":"https:\/\/telectronica.com.uy\/?post_type=product&#038;p=8931"},"modified":"2025-05-15T12:29:00","modified_gmt":"2025-05-15T15:29:00","slug":"lector-de-cheques-con-banda-magnetica-micrsafe-magtek","status":"publish","type":"product","link":"https:\/\/telectronica.com.uy\/?product=lector-de-cheques-con-banda-magnetica-micrsafe-magtek","title":{"rendered":"Lector de cheques con banda magnetica MICRSafe MAGTEK"},"content":{"rendered":"<p><strong>Dispositivo MICR con alimentaci\u00f3n de control \u00fanica<\/strong><\/p>\n<p>Optimizado para reducir el tiempo de transacci\u00f3n y los errores de ingreso manual, MICRSafe es un lector MICR de alimentaci\u00f3n \u00fanica con un dise\u00f1o confiable y duradero.<\/p>\n<p><strong><span class=\"\">MICR que lee los datos necesarios<\/span><\/strong><\/p>\n<p><span class=\"VIpgJd-yAWNEb-VIpgJd-fmcmS-sn54Q\">En una sola pasada, MICRSafe lee fuentes MICR E13B y CMC7 para una mayor aceptaci\u00f3n.<\/span><\/p>\n<p><strong>Conecte su MICR f\u00e1cilmente<\/strong><\/p>\n<p><span class=\"VIpgJd-yAWNEb-VIpgJd-fmcmS-sn54Q\">Ideal para aplicaciones minoristas que requieren una lectura MICR r\u00e1pida y precisa, el MICRSafe ofrece diversas opciones de interfaz, incluyendo la conectividad con los terminales POS m\u00e1s populares. MICRSafe se conecta a los terminales POS mediante interfaces RS-232 AUX y USB. Compatible con el sistema operativo Windows en modo HID y teclado.<\/span><\/p>\n","protected":false},"excerpt":{"rendered":"<h1><span class=\"VIpgJd-yAWNEb-VIpgJd-fmcmS-sn54Q\">Lector de caracteres de tinta magn\u00e9tica (MICR) con SCRA integrado de 3 pistas<\/span><\/h1>\n<p>Lee y encripta datos de tarjetas en el punto de deslizamiento para tarjetas que cumplen con los requisitos est\u00e1ndar ISO y AAMVA, incluidas tarjetas de cr\u00e9dito y d\u00e9bito.<\/p>\n","protected":false},"featured_media":8935,"template":"","meta":{"inline_featured_image":false,"_joinchat":[]},"product_cat":[150,218],"product_tag":[],"class_list":{"0":"post-8931","1":"product","2":"type-product","3":"status-publish","4":"has-post-thumbnail","6":"product_cat-lectores","7":"product_cat-de-tarjeta-y-de-huella","9":"first","10":"instock","11":"shipping-taxable","12":"product-type-simple"},"_links":{"self":[{"href":"https:\/\/telectronica.com.uy\/index.php?rest_route=\/wp\/v2\/product\/8931","targetHints":{"allow":["GET"]}}],"collection":[{"href":"https:\/\/telectronica.com.uy\/index.php?rest_route=\/wp\/v2\/product"}],"about":[{"href":"https:\/\/telectronica.com.uy\/index.php?rest_route=\/wp\/v2\/types\/product"}],"wp:featuredmedia":[{"embeddable":true,"href":"https:\/\/telectronica.com.uy\/index.php?rest_route=\/wp\/v2\/media\/8935"}],"wp:attachment":[{"href":"https:\/\/telectronica.com.uy\/index.php?rest_route=%2Fwp%2Fv2%2Fmedia&parent=8931"}],"wp:term":[{"taxonomy":"product_cat","embeddable":true,"href":"https:\/\/telectronica.com.uy\/index.php?rest_route=%2Fwp%2Fv2%2Fproduct_cat&post=8931"},{"taxonomy":"product_tag","embeddable":true,"href":"https:\/\/telectronica.com.uy\/index.php?rest_route=%2Fwp%2Fv2%2Fproduct_tag&post=8931"}],"curies":[{"name":"wp","href":"https:\/\/api.w.org\/{rel}","templated":true}]}}