{"id":8634,"date":"2025-01-29T12:11:28","date_gmt":"2025-01-29T15:11:28","guid":{"rendered":"https:\/\/telectronica.com.uy\/?post_type=product&#038;p=8634"},"modified":"2025-02-19T09:51:54","modified_gmt":"2025-02-19T12:51:54","slug":"lector-de-mesa-sp72-h","status":"publish","type":"product","link":"https:\/\/telectronica.com.uy\/?product=lector-de-mesa-sp72-h","title":{"rendered":"Lector de mesa ZEBRA SP72-H"},"content":{"rendered":"<div>Lector de mesa SP72 &#8211; H (Horizontal) En el mostrador.<\/div>\n<div><\/div>\n<div class=\"cmp-product-summary__intro\">Agilice las operaciones de pago y mejore su resultado financiero con esc\u00e1neres de alto desempe\u00f1o que se instalan dentro del mostrador o sobre \u00e9l.<\/div>\n<div><\/div>\n<div class=\"cmp-product-summary__rte\" role=\"description\">Mejore la experiencia del cliente, reduzca las p\u00e9rdidas de inventario y brinde opciones m\u00e1s r\u00e1pidas de pago con el esc\u00e1ner de la Serie SP72. Nuestros esc\u00e1neres verticales y horizontales de un plano\u00a0 y de alto desempe\u00f1o le brindan las funciones que necesita para optimizar el proceso de pago en supermercados, tiendas de conveniencia, farmacias y tiendas especializadas. El esc\u00e1ner de la Serie SP72 optimiza las soluciones de pago por autoservicio y cuenta con funciones innovadoras que facilitan su integraci\u00f3n y ayudan a reducir las p\u00e9rdidas de inventario. De esta forma, la opci\u00f3n de pago por autoservicio no solo facilita las operaciones de sus clientes y empleados, sino que tambi\u00e9n aumenta su resultado financiero.<\/div>\n","protected":false},"excerpt":{"rendered":"<p>Una larga espera en la fila de pago es lo \u00faltimo que quiere el cliente. Un cuarto de los compradores admiti\u00f3 que abandon\u00f3 una compra debido a las largas filas.<sup>1<\/sup>\u00a0Acelere el proceso de pago, ofrezca opciones convenientes de autocobro y evite la p\u00e9rdida de ventas gracias a los Esc\u00e1neres Serie\u00a0SP72. Estos esc\u00e1neres de alto desempe\u00f1o pero de un solo plano tienen todo lo que usted necesita para elevar la experiencia de pago en las tiendas detallistas, especializadas, tiendas de conveniencia y farmacias. Con caracter\u00edsticas innovadoras, que incluyen una c\u00e1mara a color opcional que admite aplicaciones de reconocimiento de imagen<sup>2<\/sup>, el esc\u00e1ner de la Serie SP72 libera a los empleados para que realicen tareas de mayor prioridad, apoyen mejor a sus clientes y, adem\u00e1s, reduzcan el riesgo de p\u00e9rdidas. Disponible en formato horizontal y vertical, la Serie SP72 se adapta a sus necesidades; y es ideal para comercios minoristas que necesitan el desempe\u00f1o de un esc\u00e1ner multi planos, pero prefieren un tama\u00f1o compacto, una instalaci\u00f3n sencilla y el valor de un esc\u00e1ner de un solo plano.<\/p>\n<h4><b>Gracias su veloz escaneo, los pagos son m\u00e1s r\u00e1pidos que nunca<\/b><\/h4>\n<p>Con alta velocidad y gran \u00e1rea de lectura, la Serie SP72 hace que el escaneo sea algo natural. Los c\u00f3digos de barra se capturan tan r\u00e1pido como se presentan. Debido a que hay menos necesidad de ubicar con precisi\u00f3n un c\u00f3digo de barras, los cajeros se pueden enfocar m\u00e1s en el cliente y los usuarios de autocobro pueden disfrutar de una experiencia sin inconvenientes.<\/p>\n<p>&nbsp;<\/p>\n<h4><b>Mantenga en movimiento todas las filas de pago<\/b><\/h4>\n<p>Gracias a la alta resoluci\u00f3n del sensor de 2.3\u00a0megapixeles y la exclusiva tecnolog\u00eda de captura de im\u00e1genes inteligentes PRZM de Zebra, la Serie SP72 brinda un rendimiento inigualable en casi todos los c\u00f3digos de barras 1D, 2D, Digimarc\u00ae, en papel y m\u00f3viles. C\u00f3digos de barra mal impresos, da\u00f1ados, arrugados o deste\u00f1idos, la Serie SP72 puede capturarlo todo. Adem\u00e1s, la iluminaci\u00f3n atenuada permite el escaneo sin problemas de c\u00f3digos de barra reflectivos en botellas de vidrio, tel\u00e9fonos m\u00f3viles o empaques de celof\u00e1n.<\/p>\n<h3>\nUna mayor recuperaci\u00f3n de la inversi\u00f3n del autocobro, y menos p\u00e9rdidas<\/h3>\n<p>&nbsp;<\/p>\n<h4><b>Habilite las nuevas aplicaciones comerciales con soluciones de reconocimiento de im\u00e1genes<\/b><\/h4>\n<p>El modelo SP72-V vertical es el primer esc\u00e1ner de un panel\u00a0 con una opci\u00f3n de c\u00e1mara a color de 2.3\u00a0megapixeles.<sup>2<\/sup>\u00a0La c\u00e1mara brinda un amplio campo de visi\u00f3n y captura incluso los detalles m\u00e1s peque\u00f1os, lo que permite una gran cantidad de aplicaciones de reconocimiento de imagen para ayudarle a reducir las p\u00e9rdidas y el fraude en el autocobro. Una aplicaci\u00f3n puede identificar una incongruencia entre el art\u00edculo escaneado y el c\u00f3digo de barras asociado, por ejemplo, si un c\u00f3digo de barras de un art\u00edculo menos costoso se coloca en un art\u00edculo m\u00e1s costoso para la compra. Adem\u00e1s, la presencia de una transmisi\u00f3n de video en vivo puede disuadir a los clientes de intentar un\u00a0 fraude en el pago.<\/p>\n<h3>Pagos m\u00e1s r\u00e1pidos en las filas de auto cobro y en las atendidas por su personal<\/h3>\n<p>&nbsp;<\/p>\n<h4><b>Cree la soluci\u00f3n de pago perfecta para su tienda<\/b><\/h4>\n<p>El modelo SP72-V compacto y vertical se puede colocar en un mostrador o montarse en una pared o mesa. Su dise\u00f1o con frente plano cabe f\u00e1cilmente en las cajas y los kioscos de autocobro. El modelo SP72-H horizontal ofrece un dise\u00f1o para el mostrador que no ocupa espacio y es un reemplazo ideal para las instalaciones heredadas m\u00e1s populares. Usted puede elegir las funcionalidades que necesita: El modelo SP7201, cuenta un escaneado de alto desempe\u00f1o con todas las funciones esenciales necesarias en el punto de venta; o el modelo SP7208 de primer nivel, que ofrece el mismo alto desempe\u00f1o, adem\u00e1s de funciones m\u00e1s avanzadas, como c\u00e1mara a color opcional para aplicaciones de reconocimiento de imagen\u00a0 como la prevenci\u00f3n de p\u00e9rdidas.<\/p>\n<p>&nbsp;<\/p>\n","protected":false},"featured_media":8635,"template":"","meta":{"inline_featured_image":false,"_joinchat":[]},"product_cat":[150,177,217],"product_tag":[162],"class_list":{"0":"post-8634","1":"product","2":"type-product","3":"status-publish","4":"has-post-thumbnail","6":"product_cat-lectores","7":"product_cat-fijos-de-mesa","8":"product_cat-zebra","9":"product_tag-zebra","11":"first","12":"instock","13":"featured","14":"shipping-taxable","15":"product-type-simple"},"_links":{"self":[{"href":"https:\/\/telectronica.com.uy\/index.php?rest_route=\/wp\/v2\/product\/8634","targetHints":{"allow":["GET"]}}],"collection":[{"href":"https:\/\/telectronica.com.uy\/index.php?rest_route=\/wp\/v2\/product"}],"about":[{"href":"https:\/\/telectronica.com.uy\/index.php?rest_route=\/wp\/v2\/types\/product"}],"wp:featuredmedia":[{"embeddable":true,"href":"https:\/\/telectronica.com.uy\/index.php?rest_route=\/wp\/v2\/media\/8635"}],"wp:attachment":[{"href":"https:\/\/telectronica.com.uy\/index.php?rest_route=%2Fwp%2Fv2%2Fmedia&parent=8634"}],"wp:term":[{"taxonomy":"product_cat","embeddable":true,"href":"https:\/\/telectronica.com.uy\/index.php?rest_route=%2Fwp%2Fv2%2Fproduct_cat&post=8634"},{"taxonomy":"product_tag","embeddable":true,"href":"https:\/\/telectronica.com.uy\/index.php?rest_route=%2Fwp%2Fv2%2Fproduct_tag&post=8634"}],"curies":[{"name":"wp","href":"https:\/\/api.w.org\/{rel}","templated":true}]}}