{"id":8488,"date":"2024-11-04T12:37:44","date_gmt":"2024-11-04T15:37:44","guid":{"rendered":"https:\/\/telectronica.com.uy\/?post_type=product&#038;p=8488"},"modified":"2025-02-19T09:50:14","modified_gmt":"2025-02-19T12:50:14","slug":"lector-de-codigos-de-barra-mp7000","status":"publish","type":"product","link":"https:\/\/telectronica.com.uy\/?product=lector-de-codigos-de-barra-mp7000","title":{"rendered":"Lector con balanza ZEBRA MP7000"},"content":{"rendered":"<p>Con el esc\u00e1ner-b\u00e1scula MP7000, puede brindar a los cajeros y clientes una experiencia de pago superior en las filas de puntos de venta de alto volumen. Este moderno lector de im\u00e1genes 1D\/2D de planos m\u00faltiples lleva la simpleza y el rendimiento del escaneo a otro nivel y ofrecen procesos de pago m\u00e1s r\u00e1pidos en filas con cajero y de autocobro. Una c\u00e1mara a color opcional permite una amplia gama de aplicaciones, como el reconocimiento de productos y la prevenci\u00f3n de p\u00e9rdidas, a fin de mejorar a\u00fan m\u00e1s la experiencia del usuario y maximizar el \u00e9xito del pago autoservicio. El MP7000 es una inversi\u00f3n inteligente: ofrece un costo total de propiedad (TCO, por sus siglas en ingl\u00e9s) sin igual, ya que proporciona el m\u00e1ximo tiempo de actividad y el m\u00ednimo consumo energ\u00e9tico en un dise\u00f1o f\u00e1cil de reparar con menos piezas y componentes. Y DataCapture DNA<sup>TM<\/sup>, el exclusivo ecosistema de software de Zebra, lleva el desempe\u00f1o mucho m\u00e1s all\u00e1 de lo b\u00e1sico, ya que simplifica cada etapa de la experiencia de escaneo durante el ciclo de vida del dispositivo.<\/p>\n<h4><b>Alto volumen de escaneo que maximiza la velocidad de los pagos<\/b><\/h4>\n<p>Con el mayor volumen de escaneo de su clase, el esc\u00e1ner-b\u00e1scula MP7000 permite a los trabajadores escanear art\u00edculos en una pasada. Esto aumenta la productividad de los cajeros y mejora la experiencia de pago de los clientes.<\/p>\n<p>&nbsp;<\/p>\n<h4><b>Esc\u00e1ner del lado del cliente que mejora la productividad<\/b><\/h4>\n<p>Con el esc\u00e1ner opcional del lado del cliente, los compradores podr\u00e1n escanear en simult\u00e1neo cupones m\u00f3viles, tarjetas de fidelizaci\u00f3n y art\u00edculos de compra por impulso sin demorar la fila.<\/p>\n<h3>Innovaci\u00f3n en el POS<\/h3>\n<p>&nbsp;<\/p>\n<h4><b>C\u00e1mara a color opcional que aumenta la versatilidad y el valor<\/b><\/h4>\n<p>La c\u00e1mara a color de 2,3\u00a0megap\u00edxeles de alta resoluci\u00f3n opcional prepara el camino para las nuevas aplicaciones que ofrecen grandes beneficios comerciales. Las aplicaciones de reconocimiento de productos pueden ayudar a identificar los productos a fin de optimizar la selecci\u00f3n de productos, para realizar el pago autoservicio de manera m\u00e1s f\u00e1cil y r\u00e1pida. Las aplicaciones de prevenci\u00f3n de p\u00e9rdidas tambi\u00e9n pueden usar la c\u00e1mara para ayudar a identificar transacciones sospechosas y asegurar que se haya escaneado el c\u00f3digo de barras adecuado para el art\u00edculo. Y la c\u00e1mara a color facilita la tarea de generar la base de datos de im\u00e1genes necesaria para brindar soporte a estas aplicaciones.<\/p>\n<p>&nbsp;<\/p>\n<h4><b>Menos p\u00e9rdidas de inventario con eventos de no decodificaci\u00f3n<\/b><\/h4>\n<p>Los eventos de no decodificaci\u00f3n basados en sensor del MP7000 pueden identificar cuando pasan art\u00edculos por el campo de visi\u00f3n del esc\u00e1ner, pero no se escanea un c\u00f3digo de barras.<\/p>\n","protected":false},"excerpt":{"rendered":"<h3>Proceso de pago r\u00e1pido<\/h3>\n<p>&nbsp;<\/p>\n<h4><b>Lecturas sin igual en las filas de pago m\u00e1s ajetreadas<\/b><\/h4>\n<p>Evite congestiones en las filas de pago y procese m\u00e1s transacciones por turno. Con la tecnolog\u00eda PRZM Intelligent Imaging exclusiva de Zebra, los cajeros y los compradores que usan el pago autoservicio pueden capturar al instante casi cualquier c\u00f3digo de barras 1D o 2D electr\u00f3nico e impreso, incluidos los c\u00f3digos de barras que est\u00e1n sucios, da\u00f1ados, mal impresos y bajo retractilado.<\/p>\n","protected":false},"featured_media":8489,"template":"","meta":{"inline_featured_image":false,"_joinchat":[]},"product_cat":[231,150,177,217],"product_tag":[162],"class_list":{"0":"post-8488","1":"product","2":"type-product","3":"status-publish","4":"has-post-thumbnail","6":"product_cat-con-balanza","7":"product_cat-lectores","8":"product_cat-fijos-de-mesa","9":"product_cat-zebra","10":"product_tag-zebra","12":"first","13":"instock","14":"featured","15":"shipping-taxable","16":"product-type-simple"},"_links":{"self":[{"href":"https:\/\/telectronica.com.uy\/index.php?rest_route=\/wp\/v2\/product\/8488","targetHints":{"allow":["GET"]}}],"collection":[{"href":"https:\/\/telectronica.com.uy\/index.php?rest_route=\/wp\/v2\/product"}],"about":[{"href":"https:\/\/telectronica.com.uy\/index.php?rest_route=\/wp\/v2\/types\/product"}],"wp:featuredmedia":[{"embeddable":true,"href":"https:\/\/telectronica.com.uy\/index.php?rest_route=\/wp\/v2\/media\/8489"}],"wp:attachment":[{"href":"https:\/\/telectronica.com.uy\/index.php?rest_route=%2Fwp%2Fv2%2Fmedia&parent=8488"}],"wp:term":[{"taxonomy":"product_cat","embeddable":true,"href":"https:\/\/telectronica.com.uy\/index.php?rest_route=%2Fwp%2Fv2%2Fproduct_cat&post=8488"},{"taxonomy":"product_tag","embeddable":true,"href":"https:\/\/telectronica.com.uy\/index.php?rest_route=%2Fwp%2Fv2%2Fproduct_tag&post=8488"}],"curies":[{"name":"wp","href":"https:\/\/api.w.org\/{rel}","templated":true}]}}