{"id":8464,"date":"2024-11-04T11:50:25","date_gmt":"2024-11-04T14:50:25","guid":{"rendered":"https:\/\/telectronica.com.uy\/?post_type=product&#038;p=8464"},"modified":"2025-05-13T15:12:50","modified_gmt":"2025-05-13T18:12:50","slug":"colector-de-datos-healthy-care-zebra-hc20-hc50","status":"publish","type":"product","link":"https:\/\/telectronica.com.uy\/?product=colector-de-datos-healthy-care-zebra-hc20-hc50","title":{"rendered":"Colector Healthy Care ZEBRA HC20\/HC50"},"content":{"rendered":"<p>Presentamos la nueva familia de computadoras m\u00f3viles robustas de Zebra para el cuidado de la salud: la HC20 y HC50 solo usan Wi-Fi&#x2122; y est\u00e1n espec\u00edficamente dise\u00f1adas para proporcionar todas las caracter\u00edsticas que los trabajadores de la salud necesitan para mejorar la eficiencia, la precisi\u00f3n, la calidad del cuidado y los resultados de los pacientes. Esta serie ofrece el equilibrio ideal de ergonom\u00eda, caracter\u00edsticas y precio: un dispositivo de bolsillo que es f\u00e1cil de transportar, usar, desinfectar y administrar. Ejecute aplicaciones exigentes y repletas de contenido multimedia para el cuidado de la salud y proporcione funciones de comunicaci\u00f3n integrales para una colaboraci\u00f3n superior. Estos dispositivos peque\u00f1os son muy vers\u00e1tiles y se pueden convertir en radios bidireccionales, dispositivos\u00a0PBX y estaciones de trabajo. Con las caracter\u00edsticas adicionales exclusivas de Zebra, como Device\u00a0Tracker, Intelligent Cabinets<sup>1<\/sup>\u00a0y Mobility\u00a0DNA&#x2122;, puede pr\u00e1cticamente olvidarse de extraviar dispositivos y gastar recursos en administrar el acceso. Adem\u00e1s, incorporan herramientas complementarias que amplifican la capacidad de uso y administraci\u00f3n.<\/p>\n<p>Adem\u00e1s, gracias a la carcasa espec\u00edficamente dise\u00f1ada y al puerto para conectores USB-C, hay una m\u00ednima cantidad de hendiduras donde se pueden acumular pat\u00f3genos.<\/p>\n<h4><b>Pantalla con un 20\u00a0% m\u00e1s de espacio para ver m\u00e1s y desplazarse menos<\/b><\/h4>\n<p>Las computadoras tienen una pantalla de 6\u00a0pulgadas FHD+ (alta resoluci\u00f3n) que van de un borde hasta el otro. Las pantallas tienen el brillo adecuado para leer en casi cualquier nivel de iluminaci\u00f3n. Adem\u00e1s, funcionan con los guantes finos que usan los profesionales de la salud.<\/p>\n<h4><b>Solicite asistencia con solo pulsar el bot\u00f3n de alerta de emergencia<\/b><\/h4>\n<p>Se trata de un bot\u00f3n especial que se puede programar y configurar para llamar a un n\u00famero determinado o ejecutar una aplicaci\u00f3n en situaciones de emergencia o urgencia. La secuencia de activaci\u00f3n evita las falsas alarmas.<\/p>\n<h4><b>Un conjunto de accesorios para ambos modelos<\/b><\/h4>\n<p>Lleve las computadoras de un lugar a otro sin problemas con el clip o la correa de mano aptos para desinfectantes y preparados para el cuidado de la salud. Se ofrecen bases dise\u00f1adas para dep\u00f3sitos, escritorios o estaciones de enfermer\u00eda. Adem\u00e1s, dispone de bater\u00edas adicionales para tener carga todos los turnos y de un protector de pantalla que aumenta su durabilidad.<\/p>\n<h4><b>Caracter\u00edsticas de bater\u00eda sin igual<\/b><\/h4>\n<p>Si el nivel de bater\u00eda es bajo, cambie la bater\u00eda por otra cargada sin dejar de usar el dispositivo. Con un aut\u00e9ntico cambio caliente<sup>2<\/sup>, puede reemplazar las bater\u00edas sin afectar el funcionamiento: atienda todas las llamadas, vea las notificaciones y no pierda datos. La tecnolog\u00eda PowerPrecision ofrece m\u00e9tricas en tiempo real para monitorear el estado de la bater\u00eda a fin de detectar y reemplazar con facilidad las bater\u00edas que ya no retengan cargas completas. Adem\u00e1s, puede usar cualquier cable de carga USB-C convencional.<\/p>\n","protected":false},"excerpt":{"rendered":"<h3>Dise\u00f1o exterior ideal para el cuidado de la salud<\/h3>\n<p>&nbsp;<\/p>\n<h4><b>La ergonom\u00eda que buscan todos los profesionales de la salud<\/b><\/h4>\n<p>La computadora m\u00f3vil m\u00e1s delgada y liviana de Zebra est\u00e1 perfectamente dise\u00f1ada para minimizar el cansancio de la mano. Las superficies con contorno y los protectores ergon\u00f3micos inferiores reducen los puntos de presi\u00f3n, ofrecen un agarre seguro para cualquier tama\u00f1o de mano y proporcionan comodidad todo el d\u00eda.<\/p>\n<h4><b>Dise\u00f1adas para desinfecciones constantes<\/b><\/h4>\n<p>Con un dise\u00f1o apto para desinfectantes, las computadoras ofrecen pl\u00e1sticos de avanzada, adecuados para dispositivos m\u00e9dicos y aptos para la m\u00e1s amplia selecci\u00f3n de desinfectantes del sector.<\/p>\n","protected":false},"featured_media":8465,"template":"","meta":{"inline_featured_image":false,"_joinchat":[]},"product_cat":[238,217],"product_tag":[162],"class_list":{"0":"post-8464","1":"product","2":"type-product","3":"status-publish","4":"has-post-thumbnail","6":"product_cat-healthy-care","7":"product_cat-zebra","8":"product_tag-zebra","10":"first","11":"instock","12":"featured","13":"shipping-taxable","14":"product-type-simple"},"_links":{"self":[{"href":"https:\/\/telectronica.com.uy\/index.php?rest_route=\/wp\/v2\/product\/8464","targetHints":{"allow":["GET"]}}],"collection":[{"href":"https:\/\/telectronica.com.uy\/index.php?rest_route=\/wp\/v2\/product"}],"about":[{"href":"https:\/\/telectronica.com.uy\/index.php?rest_route=\/wp\/v2\/types\/product"}],"wp:featuredmedia":[{"embeddable":true,"href":"https:\/\/telectronica.com.uy\/index.php?rest_route=\/wp\/v2\/media\/8465"}],"wp:attachment":[{"href":"https:\/\/telectronica.com.uy\/index.php?rest_route=%2Fwp%2Fv2%2Fmedia&parent=8464"}],"wp:term":[{"taxonomy":"product_cat","embeddable":true,"href":"https:\/\/telectronica.com.uy\/index.php?rest_route=%2Fwp%2Fv2%2Fproduct_cat&post=8464"},{"taxonomy":"product_tag","embeddable":true,"href":"https:\/\/telectronica.com.uy\/index.php?rest_route=%2Fwp%2Fv2%2Fproduct_tag&post=8464"}],"curies":[{"name":"wp","href":"https:\/\/api.w.org\/{rel}","templated":true}]}}