{"id":8456,"date":"2024-11-04T11:18:22","date_gmt":"2024-11-04T14:18:22","guid":{"rendered":"https:\/\/telectronica.com.uy\/?post_type=product&#038;p=8456"},"modified":"2025-04-04T14:22:11","modified_gmt":"2025-04-04T17:22:11","slug":"impresora-termica-de-pulseras-zebra-zd510","status":"publish","type":"product","link":"https:\/\/telectronica.com.uy\/?product=impresora-termica-de-pulseras-zebra-zd510","title":{"rendered":"Impresora de pulseras ZEBRA ZD510"},"content":{"rendered":"<p>Los brazaletes tienen una funci\u00f3n primordial en su centro de salud. Los pacientes y el personal dependen de los brazaletes para tener la identificaci\u00f3n positiva instant\u00e1nea necesaria para evitar los errores m\u00e9dicos. Usted necesita impresi\u00f3n de brazaletes r\u00e1pida y confiable, brazaletes duraderos y c\u00f3digos de barras que un esc\u00e1ner o lector siempre pueda leer, y la ZD510-HC le ofrece todo esto. La soluci\u00f3n de impresi\u00f3n de brazaletes ZD510-HC combina la confiable impresora t\u00e9rmica directa ZD510-HC con cartuchos de carga f\u00e1cil que contienen los \u00fanicos brazaletes antimicrobianos en el mercado: los brazaletes Z-Band\u00ae de Zebra. Su departamento de TI ver\u00e1 que las impresoras ZD510-HC son f\u00e1ciles de integrar, administrar y proteger gracias al sistema operativo Link-OS\u00ae de Zebra y el poderoso conjunto de aplicaciones, utilidades\u00a0y herramientas para desarrolladores, Print DNA de Zebra. Aumente la productividad del personal y la seguridad de los pacientes con la soluci\u00f3n de impresi\u00f3n de brazaletes m\u00e1s confiable y f\u00e1cil de usar de la industria: la ZD510-HC.<\/p>\n<h3>F\u00e1cil de implementar<\/h3>\n<p>&nbsp;<\/p>\n<h4><b>M\u00faltiples opciones de conectividad<\/b><\/h4>\n<p>La ZD510-HC viene de manera est\u00e1ndar con Ethernet, USB, USB\u00a0Host y Bluetooth Low Energy. El radio dual inal\u00e1mbrico\u00a0opcional ofrece 802.11ac y los protocolos de seguridad m\u00e1s recientes, adem\u00e1s de Bluetooth 4.1 con comunicaciones cableadas e inal\u00e1mbricas\u00a0simult\u00e1neas. Adem\u00e1s, con la etiqueta Print Touch (NFC) los usuarios pueden simplemente tocar un dispositivo m\u00f3vil compatible en la ZD510-HC para conectarlo e imprimir, as\u00ed como tambi\u00e9n acceder a la extensa base de conocimiento de videos instructivos de Zebra.<\/p>\n<p>&nbsp;<\/p>\n<h4><b>Compatible con sistemas ADT l\u00edderes<\/b><\/h4>\n<p>La ZD510-HC ha sido validada para usarse con sistemas l\u00edderes de internaci\u00f3n, alta y transferencia (ADT), entre ellos, Allscripts, CareFusion, Cerner, CPSI, Epic y McKesson. Puede comenzar a operar f\u00e1cilmente usando sus formatos de brazalete.<\/p>\n<p>&nbsp;<\/p>\n<h4><b>Migraci\u00f3n sencilla: cualquiera sea el tipo de soluci\u00f3n de impresi\u00f3n de brazaletes que utilice<\/b><\/h4>\n<p>Si usa la impresora de brazaletes\u00a0HC100 de\u00a0Zebra, su inventario existente de cartuchos de brazaletes funcionar\u00e1 con la ZD510-HC. El soporte ZPL nativo facilita la migraci\u00f3n desde otra impresora desktop de Zebra. Y la migraci\u00f3n desde pr\u00e1cticamente cualquier impresora de terceros es fluida con Virtual\u00a0Devices, una herramienta de Zebra Print\u00a0DNA que puede usar lenguajes generalmente asociados a otras marcas de impresoras.<\/p>\n","protected":false},"excerpt":{"rendered":"<h3>F\u00e1cil de usar, pr\u00e1cticamente no requiere capacitaci\u00f3n<\/h3>\n<p>&nbsp;<\/p>\n<h4><b>Cartucho de brazalete de carga r\u00e1pida: tan solo col\u00f3quelo e imprima<\/b><\/h4>\n<p>La ZD510-HC es la impresora de brazaletes m\u00e1s f\u00e1cil de usar en el mercado. Simplemente inserte el cartucho que contiene los brazaletes Z-Band de Zebra e imprima. El chip inteligente en cada cartucho permite la calibraci\u00f3n autom\u00e1tica.<\/p>\n","protected":false},"featured_media":8459,"template":"","meta":{"inline_featured_image":false,"_joinchat":[]},"product_cat":[238,154,216,217,213],"product_tag":[162],"class_list":{"0":"post-8456","1":"product","2":"type-product","3":"status-publish","4":"has-post-thumbnail","6":"product_cat-healthy-care","7":"product_cat-impresoras","8":"product_cat-de-uso-hospitalario","9":"product_cat-zebra","10":"product_cat-de-pulseras","11":"product_tag-zebra","13":"first","14":"instock","15":"featured","16":"shipping-taxable","17":"product-type-simple"},"_links":{"self":[{"href":"https:\/\/telectronica.com.uy\/index.php?rest_route=\/wp\/v2\/product\/8456","targetHints":{"allow":["GET"]}}],"collection":[{"href":"https:\/\/telectronica.com.uy\/index.php?rest_route=\/wp\/v2\/product"}],"about":[{"href":"https:\/\/telectronica.com.uy\/index.php?rest_route=\/wp\/v2\/types\/product"}],"wp:featuredmedia":[{"embeddable":true,"href":"https:\/\/telectronica.com.uy\/index.php?rest_route=\/wp\/v2\/media\/8459"}],"wp:attachment":[{"href":"https:\/\/telectronica.com.uy\/index.php?rest_route=%2Fwp%2Fv2%2Fmedia&parent=8456"}],"wp:term":[{"taxonomy":"product_cat","embeddable":true,"href":"https:\/\/telectronica.com.uy\/index.php?rest_route=%2Fwp%2Fv2%2Fproduct_cat&post=8456"},{"taxonomy":"product_tag","embeddable":true,"href":"https:\/\/telectronica.com.uy\/index.php?rest_route=%2Fwp%2Fv2%2Fproduct_tag&post=8456"}],"curies":[{"name":"wp","href":"https:\/\/api.w.org\/{rel}","templated":true}]}}