{"id":8175,"date":"2023-07-04T14:42:53","date_gmt":"2023-07-04T17:42:53","guid":{"rendered":"https:\/\/telectronica.com.uy\/?post_type=product&#038;p=8175"},"modified":"2024-12-19T09:19:16","modified_gmt":"2024-12-19T12:19:16","slug":"ppt305bt","status":"publish","type":"product","link":"https:\/\/telectronica.com.uy\/?product=ppt305bt","title":{"rendered":"Impresora de ticket port\u00e1til 3NSTAR PPT305BT"},"content":{"rendered":"<p><strong><em>Caracter\u00edsticas<\/em><\/strong><a name=\"sheet001_OLE_LINK1\"><\/a><\/p>\n<p>\u2022 Liviana, compacta y port\u00e1til<br \/>\n\u2022 Dise\u00f1o robusto, soporta ca\u00eddas de hasta 1,5 m<br \/>\n\u2022 Interfaz USB y Bluetooth<br \/>\n\u2022 Compatible con Android, Windows, WinCE<br \/>\n\u2022 Se carga a trav\u00e9s de un puerto USB tipo C para su conveniencia<br \/>\n\u2022 Imprime la mayor\u00eda de los c\u00f3digos de barras 1D y 2D<br \/>\n\u2022 Bater\u00eda de larga duraci\u00f3n<br \/>\n\u2022 Ahorro de energ\u00eda \u2013 Modo de suspensi\u00f3n<br \/>\n\u2022 M\u00e9todo sencillo de carga de papel \u2013 drop-in<br \/>\n\u2022 Pantalla Digital<\/p>\n","protected":false},"excerpt":{"rendered":"<p>Imprima recibos y etiquetas cuando lo necesite y donde lo necesite con la impresora port\u00e1til PPT305BT.<\/p>\n<p>Es liviana, compacta y est\u00e1 equipada con caracter\u00edsticas claves que la hacen ideal para aplicaciones que requieran impresi\u00f3n en sitio.<\/p>\n","protected":false},"featured_media":8176,"template":"","meta":{"inline_featured_image":false,"_joinchat":[]},"product_cat":[184,154,156,175,228],"product_tag":[164],"class_list":{"0":"post-8175","1":"product","2":"type-product","3":"status-publish","4":"has-post-thumbnail","6":"product_cat-impresoras-de-tickets","7":"product_cat-impresoras","8":"product_cat-portatiles","9":"product_cat-facturacion-electronica","10":"product_cat-3nstar","11":"product_tag-3nstar","13":"first","14":"instock","15":"shipping-taxable","16":"product-type-simple"},"_links":{"self":[{"href":"https:\/\/telectronica.com.uy\/index.php?rest_route=\/wp\/v2\/product\/8175","targetHints":{"allow":["GET"]}}],"collection":[{"href":"https:\/\/telectronica.com.uy\/index.php?rest_route=\/wp\/v2\/product"}],"about":[{"href":"https:\/\/telectronica.com.uy\/index.php?rest_route=\/wp\/v2\/types\/product"}],"wp:featuredmedia":[{"embeddable":true,"href":"https:\/\/telectronica.com.uy\/index.php?rest_route=\/wp\/v2\/media\/8176"}],"wp:attachment":[{"href":"https:\/\/telectronica.com.uy\/index.php?rest_route=%2Fwp%2Fv2%2Fmedia&parent=8175"}],"wp:term":[{"taxonomy":"product_cat","embeddable":true,"href":"https:\/\/telectronica.com.uy\/index.php?rest_route=%2Fwp%2Fv2%2Fproduct_cat&post=8175"},{"taxonomy":"product_tag","embeddable":true,"href":"https:\/\/telectronica.com.uy\/index.php?rest_route=%2Fwp%2Fv2%2Fproduct_tag&post=8175"}],"curies":[{"name":"wp","href":"https:\/\/api.w.org\/{rel}","templated":true}]}}