{"id":8116,"date":"2023-05-23T15:06:20","date_gmt":"2023-05-23T18:06:20","guid":{"rendered":"https:\/\/telectronica.com.uy\/?post_type=product&#038;p=8116"},"modified":"2024-12-19T09:17:57","modified_gmt":"2024-12-19T12:17:57","slug":"zt411-2","status":"publish","type":"product","link":"https:\/\/telectronica.com.uy\/?product=zt411-2","title":{"rendered":"Impresora de etiquetas Semi-Industrial ZEBRA ZT411"},"content":{"rendered":"<p>Mantenga la eficiencia de sus operaciones cruciales con las impresoras duraderas de la serie ZT400 de Zebra. La ZT400 ofrece una avanzada tecnolog\u00eda con un nuevo nivel de versatilidad, facilidad de uso y rendimiento. Disponible en tres resoluciones de impresi\u00f3n y dos anchuras de impresi\u00f3n, la serie ZT400 abarca un amplio espectro de aplicaciones a trav\u00e9s de la fabricaci\u00f3n, el transporte y la log\u00edstica, el sector de retail y mucho m\u00e1s. Compruebe de un r\u00e1pido vistazo el estado de la impresora y gestione r\u00e1pidamente los ajustes mediante la pantalla t\u00e1ctil en color de gran tama\u00f1o. La conectividad instalable en f\u00e1brica, las opciones de manipulaci\u00f3n y las opciones de RFID le permiten a\u00f1adir f\u00e1cilmente nuevas funciones seg\u00fan lo que necesite. Y su departamento de sistemas inform\u00e1ticos podr\u00e1 integrar y gestionar las impresoras ZT400 f\u00e1cilmente, gracias a Print DNA, un paquete de aplicaciones, utilidades y herramientas para desarrolladores con tecnolog\u00eda Link-OS\u00ae. \u00bfEl resultado? La ZT400 brinda la versatilidad, fiabilidad y rendimiento necesarios para atender sus necesidades de impresi\u00f3n industrial actuales y futuras.<\/p>\n<p>La impresora dispone de dos modelos, de 4 y de 6 pulgadas, con 203, 300 y 600 ppp* (600 ppp disponibles \u00fanicamente en la ZT411 de 4 pulgadas). A\u00f1ada tecnolog\u00eda RFID instalable en f\u00e1brica o in situ para imprimir y codificar etiquetas para mayores habilidades de trazabilidad y una visibilidad m\u00e1s profunda. Seleccione la exclusiva soluci\u00f3n de identificaci\u00f3n sobre metal de RFID de la ZT411 de Zebra, que es la \u00fanica opci\u00f3n dedicada para impresi\u00f3n y codificaci\u00f3n de etiquetas RFID m\u00e1s gruesas para contenedores y activos met\u00e1licos.<a href=\"https:\/\/telectronica.com.uy\/wp-content\/uploads\/2023\/05\/1570222954042.jpg\"><img loading=\"lazy\" decoding=\"async\" class=\"alignnone size-medium wp-image-8117\" src=\"https:\/\/telectronica.com.uy\/wp-content\/uploads\/2023\/05\/1570222954042-300x200.jpg\" alt=\"\" width=\"300\" height=\"200\" srcset=\"https:\/\/telectronica.com.uy\/wp-content\/uploads\/2023\/05\/1570222954042-300x200.jpg 300w, https:\/\/telectronica.com.uy\/wp-content\/uploads\/2023\/05\/1570222954042-500x333.jpg 500w, https:\/\/telectronica.com.uy\/wp-content\/uploads\/2023\/05\/1570222954042.jpg 600w\" sizes=\"auto, (max-width: 300px) 100vw, 300px\" \/><\/a><\/p>\n","protected":false},"excerpt":{"rendered":"<p><b>Utilice la configuraci\u00f3n que prefiera con m\u00faltiples opciones de conectividad<\/b><\/p>\n<p>La ZT400 viene equipada de serie con Ethernet, serie, USB, host USB doble y Bluetooth 4.1. A\u00f1ada la tarjeta inal\u00e1mbrica opcional de doble banda con Wi-Fi 802.11ac y Bluetooth para conseguir conexiones inal\u00e1mbricas ultrarr\u00e1pidas y fiables.<\/p>\n<p>Conf\u00ede en la serie ZT400 para imprimir distintos formatos de etiquetas en diversos tipos de materiales.<\/p>\n","protected":false},"featured_media":8493,"template":"","meta":{"inline_featured_image":false,"_joinchat":[]},"product_cat":[155,154,217],"product_tag":[162],"class_list":{"0":"post-8116","1":"product","2":"type-product","3":"status-publish","4":"has-post-thumbnail","6":"product_cat-semi-industriales","7":"product_cat-impresoras","8":"product_cat-zebra","9":"product_tag-zebra","11":"first","12":"instock","13":"featured","14":"shipping-taxable","15":"product-type-simple"},"_links":{"self":[{"href":"https:\/\/telectronica.com.uy\/index.php?rest_route=\/wp\/v2\/product\/8116","targetHints":{"allow":["GET"]}}],"collection":[{"href":"https:\/\/telectronica.com.uy\/index.php?rest_route=\/wp\/v2\/product"}],"about":[{"href":"https:\/\/telectronica.com.uy\/index.php?rest_route=\/wp\/v2\/types\/product"}],"wp:featuredmedia":[{"embeddable":true,"href":"https:\/\/telectronica.com.uy\/index.php?rest_route=\/wp\/v2\/media\/8493"}],"wp:attachment":[{"href":"https:\/\/telectronica.com.uy\/index.php?rest_route=%2Fwp%2Fv2%2Fmedia&parent=8116"}],"wp:term":[{"taxonomy":"product_cat","embeddable":true,"href":"https:\/\/telectronica.com.uy\/index.php?rest_route=%2Fwp%2Fv2%2Fproduct_cat&post=8116"},{"taxonomy":"product_tag","embeddable":true,"href":"https:\/\/telectronica.com.uy\/index.php?rest_route=%2Fwp%2Fv2%2Fproduct_tag&post=8116"}],"curies":[{"name":"wp","href":"https:\/\/api.w.org\/{rel}","templated":true}]}}