{"id":7908,"date":"2022-10-20T16:15:05","date_gmt":"2022-10-20T16:15:05","guid":{"rendered":"https:\/\/telectronica.com.uy\/?post_type=product&#038;p=7908"},"modified":"2024-12-19T09:18:09","modified_gmt":"2024-12-19T12:18:09","slug":"ze500","status":"publish","type":"product","link":"https:\/\/telectronica.com.uy\/?product=ze500","title":{"rendered":"Motor de impresi\u00f3n para etiquetas ZEBRA ZE500"},"content":{"rendered":"<p>Los motores de impresi\u00f3n Series ZE500&#x2122; de Zebra est\u00e1n dise\u00f1ados para mantener el funcionamiento sin interrupciones de sus aplicaciones cr\u00edticas para imprimir y aplicar. Al incorporar comentarios de clientes y las mejores pr\u00e1cticas al dise\u00f1o, Zebra\u00ae cre\u00f3 motores de impresi\u00f3n que pueden resistir entornos hostiles y son f\u00e1ciles de integrar, operar y mantener. Mediante una combinaci\u00f3n de dise\u00f1o consciente y las caracter\u00edsticas que usted necesita (entre ellas, capacidades de RFID ampliadas opcionales para mayor seguimiento y visibilidad), los motores de impresi\u00f3n Series ZE500 le brindan las herramientas y la versatilidad que necesita para hacer que su negocio siga avanzando.<\/p>\n<p><b>Paquete de software ZebraLink<\/b><\/p>\n<p>El paquete de software y herramientas ZebraLink&#x2122; facilita la tarea de dise\u00f1o, administraci\u00f3n y adaptaci\u00f3n de una aplicaci\u00f3n de impresi\u00f3n de c\u00f3digos de barras para satisfacer sus necesidades comerciales individuales.<\/p>\n<p><b>Dise\u00f1o con estuche que resiste entornos hostiles<\/b><\/p>\n<p>Dise\u00f1ado sin necesidad de ventiladores de refrigeraci\u00f3n, el gabinete externo de la Series ZE500 es impermeable para impedir que los residuos y el agua entren en el motor de impresi\u00f3n. Esta protecci\u00f3n agregada permite que la impresora funcione en entornos con polvo o donde se realizan lavados y pueden producirse salpicaduras.<\/p>\n","protected":false},"excerpt":{"rendered":"<p><b>Servicios de Zebra OneCare<\/b><\/p>\n<p>Seleccione un contrato de servicio de Zebra OneCare&#x2122; para aumentar el tiempo de actividad y reducir las p\u00e9rdidas de productividad y los costos de reparaci\u00f3n no presupuestados. Este contrato es una manera rentable de planificar y presupuestar sus gastos anuales de mantenimiento, y le asegura que los t\u00e9cnicos capacitados de Zebra restaurar\u00e1n su impresora a las especificaciones originales de f\u00e1brica. Zebra le ofrece una variedad de planes dise\u00f1ados con el fin de ajustarse a su presupuesto y a sus necesidades comerciales.<\/p>\n","protected":false},"featured_media":7937,"template":"","meta":{"inline_featured_image":false,"_joinchat":[]},"product_cat":[154,157,217],"product_tag":[162],"class_list":{"0":"post-7908","1":"product","2":"type-product","3":"status-publish","4":"has-post-thumbnail","6":"product_cat-impresoras","7":"product_cat-industriales","8":"product_cat-zebra","9":"product_tag-zebra","11":"first","12":"instock","13":"featured","14":"shipping-taxable","15":"product-type-simple"},"_links":{"self":[{"href":"https:\/\/telectronica.com.uy\/index.php?rest_route=\/wp\/v2\/product\/7908","targetHints":{"allow":["GET"]}}],"collection":[{"href":"https:\/\/telectronica.com.uy\/index.php?rest_route=\/wp\/v2\/product"}],"about":[{"href":"https:\/\/telectronica.com.uy\/index.php?rest_route=\/wp\/v2\/types\/product"}],"wp:featuredmedia":[{"embeddable":true,"href":"https:\/\/telectronica.com.uy\/index.php?rest_route=\/wp\/v2\/media\/7937"}],"wp:attachment":[{"href":"https:\/\/telectronica.com.uy\/index.php?rest_route=%2Fwp%2Fv2%2Fmedia&parent=7908"}],"wp:term":[{"taxonomy":"product_cat","embeddable":true,"href":"https:\/\/telectronica.com.uy\/index.php?rest_route=%2Fwp%2Fv2%2Fproduct_cat&post=7908"},{"taxonomy":"product_tag","embeddable":true,"href":"https:\/\/telectronica.com.uy\/index.php?rest_route=%2Fwp%2Fv2%2Fproduct_tag&post=7908"}],"curies":[{"name":"wp","href":"https:\/\/api.w.org\/{rel}","templated":true}]}}