{"id":7907,"date":"2022-10-20T16:15:05","date_gmt":"2022-10-20T16:15:05","guid":{"rendered":"https:\/\/telectronica.com.uy\/?post_type=product&#038;p=7907"},"modified":"2024-12-19T09:18:10","modified_gmt":"2024-12-19T12:18:10","slug":"zt510","status":"publish","type":"product","link":"https:\/\/telectronica.com.uy\/?product=zt510","title":{"rendered":"Impresora de etiquetas Industrial ZEBRA ZT510"},"content":{"rendered":"<p>Dise\u00f1ada para lograr el equilibrio ideal entre rendimiento y valor, la impresora ZT510 incluye las funciones principales que usted necesita en una impresora industrial, pero a un precio competitivo. Sobre la base del legado de su predecesora l\u00edder en la industria, la 105SLPlus&#x2122; de Zebra\u00ae, la ZT510 ofrece un dise\u00f1o y construcci\u00f3n probados y duraderos, y, a la vez, a\u00f1ade capacidades de monitoreo y administraci\u00f3n avanzadas. De esta forma, podr\u00e1 garantizar la continuidad ininterrumpida de sus operaciones. Adem\u00e1s, obtendr\u00e1 mayor durabilidad y funcionalidad avanzada que le permitir\u00e1n sortear cualquier obst\u00e1culo futuro. Y todo a un valor excepcional.<\/p>\n<p>Las impresoras industriales de Zebra son conocidas por su durabilidad, gran velocidad de impresi\u00f3n, larga vida \u00fatil y una confiabilidad inigualable. La econ\u00f3mica ZT510 contin\u00faa con ese legado, con:<\/p>\n<p>Necesita sistemas de impresi\u00f3n que sean compatibles con sus procesos cr\u00edticos y que le permitan adelantarse a las exigencias, que son cada vez mayores. La ZT510 cuenta con los mecanismos de impresi\u00f3n de alta calidad y los componentes internos reconocidos a nivel internacional de Zebra para garantizar un rendimiento \u00f3ptimo ininterrumpido, proporcionar una calidad extraordinaria de manera constante y pr\u00e1cticamente eliminar el costo del tiempo de inactividad.<\/p>\n<p>Con un dise\u00f1o totalmente met\u00e1lico, una construcci\u00f3n resistente y botones con forma de domo sellados para evitar el ingreso de polvo, suciedad y humedad, la ZT510 es ideal para los entornos de fabricaci\u00f3n y almac\u00e9n m\u00e1s exigentes de la actualidad. Este resistente caballo de batalla est\u00e1 dise\u00f1ado para resistir a\u00f1os de funcionamiento continuo, adem\u00e1s de temperaturas extremas, residuos, manipulaci\u00f3n brusca y m\u00e1s.<\/p>\n","protected":false},"excerpt":{"rendered":"<p>El entorno Link-OS de Zebra, altamente inteligente y el mejor de su clase, proporciona m\u00e1s informaci\u00f3n sobre el estado y las funciones en tiempo real de sus procesos de impresi\u00f3n. Con Link-OS, puede usar una aplicaci\u00f3n individual basada en la nube para administrar rutas, actualizaciones de firmware, configuraci\u00f3n de impresoras y m\u00e1s, en campo o de forma remota. Y, con las aplicaciones como dispositivos virtuales, Profile Manager, transmisi\u00f3n de datos en proximidad (NFC) y Print Touch, es f\u00e1cil integrar, actualizar y contactarse con el soporte t\u00e9cnico.<\/p>\n","protected":false},"featured_media":8128,"template":"","meta":{"inline_featured_image":false,"_joinchat":[]},"product_cat":[154,157,217],"product_tag":[162],"class_list":{"0":"post-7907","1":"product","2":"type-product","3":"status-publish","4":"has-post-thumbnail","6":"product_cat-impresoras","7":"product_cat-industriales","8":"product_cat-zebra","9":"product_tag-zebra","11":"first","12":"instock","13":"featured","14":"shipping-taxable","15":"product-type-simple"},"_links":{"self":[{"href":"https:\/\/telectronica.com.uy\/index.php?rest_route=\/wp\/v2\/product\/7907","targetHints":{"allow":["GET"]}}],"collection":[{"href":"https:\/\/telectronica.com.uy\/index.php?rest_route=\/wp\/v2\/product"}],"about":[{"href":"https:\/\/telectronica.com.uy\/index.php?rest_route=\/wp\/v2\/types\/product"}],"wp:featuredmedia":[{"embeddable":true,"href":"https:\/\/telectronica.com.uy\/index.php?rest_route=\/wp\/v2\/media\/8128"}],"wp:attachment":[{"href":"https:\/\/telectronica.com.uy\/index.php?rest_route=%2Fwp%2Fv2%2Fmedia&parent=7907"}],"wp:term":[{"taxonomy":"product_cat","embeddable":true,"href":"https:\/\/telectronica.com.uy\/index.php?rest_route=%2Fwp%2Fv2%2Fproduct_cat&post=7907"},{"taxonomy":"product_tag","embeddable":true,"href":"https:\/\/telectronica.com.uy\/index.php?rest_route=%2Fwp%2Fv2%2Fproduct_tag&post=7907"}],"curies":[{"name":"wp","href":"https:\/\/api.w.org\/{rel}","templated":true}]}}