{"id":7902,"date":"2022-10-20T16:15:04","date_gmt":"2022-10-20T16:15:04","guid":{"rendered":"https:\/\/telectronica.com.uy\/?post_type=product&#038;p=7902"},"modified":"2024-12-19T09:38:45","modified_gmt":"2024-12-19T12:38:45","slug":"zt230","status":"publish","type":"product","link":"https:\/\/telectronica.com.uy\/?product=zt230","title":{"rendered":"Impresora de etiquetas Semi-Industrial ZEBRA ZT231"},"content":{"rendered":"<p>Las impresoras industriales m\u00e1s asequibles de Zebra, la serie ZT200&#x2122;, incorporan amplios comentarios de los clientes y los aprendizajes de las impresoras heredadas, creando impresoras innovadoras con un dise\u00f1o que ahorra espacio.\u00a0Con Print DNA de Zebra, la serie ZT200 ofrece a los usuarios una configuraci\u00f3n sencilla, un funcionamiento intuitivo y un servicio y mantenimiento sencillos.<\/p>\n<p>Ya sea que est\u00e9 adoptando la tecnolog\u00eda de c\u00f3digo de barras por primera vez o actualizando los modelos de impresoras existentes, la serie ZT200 es la elecci\u00f3n correcta para una variedad de aplicaciones de etiquetado.\u00a0Estas impresoras innovadoras brindan muchos beneficios para el usuario y cuentan con la certificaci\u00f3n ENERGY STAR\u00ae para ahorrarle dinero a lo largo de su ciclo de vida.<\/p>\n<p>La serie ZT200 ofrece un dise\u00f1o optimizado y un tama\u00f1o m\u00e1s peque\u00f1o que ocupa menos espacio f\u00edsico que la impresora S4M&#x2122; heredada.\u00a0Las impresoras de la serie ZT200 requieren una capacitaci\u00f3n m\u00ednima del operador y se benefician del mantenimiento de componentes est\u00e1ndar sin herramientas y un dise\u00f1o duradero para minimizar el servicio.<\/p>\n<p>Con el entorno Link-OS de Zebra, un sistema operativo innovador que combina un potente kit de desarrollo de software multiplataforma (SDK) y aplicaciones de software, las impresoras de la serie ZT200 son f\u00e1ciles de integrar, administrar y mantener desde cualquier lugar del mundo.\u00a0Su personal de TI tambi\u00e9n apreciar\u00e1 la compatibilidad con versiones anteriores, ya que permite que las nuevas impresoras est\u00e9n listas y funcionando con un m\u00ednimo de tiempo y esfuerzo.<\/p>\n","protected":false},"excerpt":{"rendered":"<p>El dise\u00f1o de la serie ZT200 es la culminaci\u00f3n de una gran cantidad de comentarios de nuestros clientes y la comprensi\u00f3n de sus aplicaciones de impresi\u00f3n, las necesidades comerciales en evoluci\u00f3n y los desaf\u00edos operativos.\u00a0La serie ZT200 ofrece una funcionalidad y caracter\u00edsticas sobresalientes a un valor excepcional.<\/p>\n","protected":false},"featured_media":8159,"template":"","meta":{"inline_featured_image":false,"_joinchat":[]},"product_cat":[155,154],"product_tag":[162],"class_list":{"0":"post-7902","1":"product","2":"type-product","3":"status-publish","4":"has-post-thumbnail","6":"product_cat-semi-industriales","7":"product_cat-impresoras","8":"product_tag-zebra","10":"first","11":"instock","12":"featured","13":"shipping-taxable","14":"product-type-simple"},"_links":{"self":[{"href":"https:\/\/telectronica.com.uy\/index.php?rest_route=\/wp\/v2\/product\/7902","targetHints":{"allow":["GET"]}}],"collection":[{"href":"https:\/\/telectronica.com.uy\/index.php?rest_route=\/wp\/v2\/product"}],"about":[{"href":"https:\/\/telectronica.com.uy\/index.php?rest_route=\/wp\/v2\/types\/product"}],"wp:featuredmedia":[{"embeddable":true,"href":"https:\/\/telectronica.com.uy\/index.php?rest_route=\/wp\/v2\/media\/8159"}],"wp:attachment":[{"href":"https:\/\/telectronica.com.uy\/index.php?rest_route=%2Fwp%2Fv2%2Fmedia&parent=7902"}],"wp:term":[{"taxonomy":"product_cat","embeddable":true,"href":"https:\/\/telectronica.com.uy\/index.php?rest_route=%2Fwp%2Fv2%2Fproduct_cat&post=7902"},{"taxonomy":"product_tag","embeddable":true,"href":"https:\/\/telectronica.com.uy\/index.php?rest_route=%2Fwp%2Fv2%2Fproduct_tag&post=7902"}],"curies":[{"name":"wp","href":"https:\/\/api.w.org\/{rel}","templated":true}]}}