{"id":7898,"date":"2022-10-20T16:15:04","date_gmt":"2022-10-20T16:15:04","guid":{"rendered":"https:\/\/telectronica.com.uy\/?post_type=product&#038;p=7898"},"modified":"2025-01-28T16:18:58","modified_gmt":"2025-01-28T19:18:58","slug":"ds4608","status":"publish","type":"product","link":"https:\/\/telectronica.com.uy\/?product=ds4608","title":{"rendered":"Lector 1D\/2D ZEBRA DS4608"},"content":{"rendered":"<p>Los compradores de hoy no quieren esperar en largas filas en la caja o en el mostrador de devoluciones.\u00a0La serie DS4600 ofrece la versatilidad y el rendimiento de escaneo que necesita para que las transacciones sean r\u00e1pidas y los carriles fluyan sin problemas en toda la tienda.\u00a0Esta familia rica en funciones ayuda a los asociados a escanear art\u00edculos de todos los tama\u00f1os, leer c\u00f3digos de barras en casi cualquier condici\u00f3n y manejar transacciones de todo tipo.\u00a0Hay un modelo de la serie DS4600 para cada necesidad en su tienda.\u00a0Art\u00edculos voluminosos en un carrito de compras, la licencia de conducir de un cliente en el mostrador de devoluciones, un cup\u00f3n m\u00f3vil en la caja, peque\u00f1os c\u00f3digos de barras en el departamento de joyer\u00eda: la serie DS4600 puede capturarlo todo.\u00a0La mayor eficiencia reduce las filas y hace que los clientes regresen una y otra vez.\u00a0Y nuestro exclusivo DataCapture DNA\u00a0<sup>TM<\/sup>y las herramientas de administraci\u00f3n preferidas por la industria facilitan m\u00e1s que nunca la integraci\u00f3n, implementaci\u00f3n y administraci\u00f3n de sus esc\u00e1neres.\u00a0La serie DS4600: m\u00e1s versatilidad de captura de datos, m\u00e1s alcance y m\u00e1s innovaci\u00f3n.<\/p>\n<p>Incluso puede recopilar datos de identificaciones y documentos de viaje mediante el reconocimiento \u00f3ptico de caracteres (OCR), o analizar la informaci\u00f3n de la licencia de conducir para la verificaci\u00f3n de edad, el control de devoluciones, las aplicaciones de tarjetas de cr\u00e9dito y de fidelizaci\u00f3n.\u00a0\u00bfEl resultado?\u00a0Valor superior.\u00a0Puede implementar una sola familia de esc\u00e1neres para pr\u00e1cticamente todas las necesidades de escaneo en nuestra tienda.<\/p>\n","protected":false},"excerpt":{"rendered":"<p><b>Capt\u00farelo todo con la serie DS4600<\/b><\/p>\n<p>No importa qu\u00e9 tipo de datos necesite capturar en su tienda, hay un modelo de la Serie DS4600 que est\u00e1 listo para el trabajo.\u00a0Escanee c\u00f3digos de barras 1D y 2D, ya sea que est\u00e9n impresos en una etiqueta o que se muestren en un tel\u00e9fono.\u00a0Capture c\u00f3digos de barras DotCode y DataMatrix punteados a trav\u00e9s de celof\u00e1n, as\u00ed como los c\u00f3digos de barras diminutos y densos que se encuentran en las etiquetas de joyer\u00eda.\u00a0Lea c\u00f3digos de barras anchos en paquetes y cartones en la trastienda.<\/p>\n","protected":false},"featured_media":7930,"template":"","meta":{"inline_featured_image":false,"_joinchat":[]},"product_cat":[150,151,201,217],"product_tag":[162],"class_list":{"0":"post-7898","1":"product","2":"type-product","3":"status-publish","4":"has-post-thumbnail","6":"product_cat-lectores","7":"product_cat-de-uso-general","8":"product_cat-cableado","9":"product_cat-zebra","10":"product_tag-zebra","12":"first","13":"instock","14":"featured","15":"shipping-taxable","16":"product-type-simple"},"_links":{"self":[{"href":"https:\/\/telectronica.com.uy\/index.php?rest_route=\/wp\/v2\/product\/7898","targetHints":{"allow":["GET"]}}],"collection":[{"href":"https:\/\/telectronica.com.uy\/index.php?rest_route=\/wp\/v2\/product"}],"about":[{"href":"https:\/\/telectronica.com.uy\/index.php?rest_route=\/wp\/v2\/types\/product"}],"wp:featuredmedia":[{"embeddable":true,"href":"https:\/\/telectronica.com.uy\/index.php?rest_route=\/wp\/v2\/media\/7930"}],"wp:attachment":[{"href":"https:\/\/telectronica.com.uy\/index.php?rest_route=%2Fwp%2Fv2%2Fmedia&parent=7898"}],"wp:term":[{"taxonomy":"product_cat","embeddable":true,"href":"https:\/\/telectronica.com.uy\/index.php?rest_route=%2Fwp%2Fv2%2Fproduct_cat&post=7898"},{"taxonomy":"product_tag","embeddable":true,"href":"https:\/\/telectronica.com.uy\/index.php?rest_route=%2Fwp%2Fv2%2Fproduct_tag&post=7898"}],"curies":[{"name":"wp","href":"https:\/\/api.w.org\/{rel}","templated":true}]}}