{"id":7897,"date":"2022-10-20T16:15:03","date_gmt":"2022-10-20T16:15:03","guid":{"rendered":"https:\/\/telectronica.com.uy\/?post_type=product&#038;p=7897"},"modified":"2025-01-31T15:11:07","modified_gmt":"2025-01-31T18:11:07","slug":"ds3608","status":"publish","type":"product","link":"https:\/\/telectronica.com.uy\/?product=ds3608","title":{"rendered":"Lector 1D\/2D ZEBRA DS3608"},"content":{"rendered":"<p>La productividad de sus trabajadores de almac\u00e9n y manufactura depende de la calidad de sus esc\u00e1neres. El esc\u00e1ner ultrarresistente DS3600-SR permite la captura confiable de c\u00f3digos de barras 1D y 2D con alcances est\u00e1ndar, desde proximidad hasta casi 5\u00a0ft\/1,5\u00a0m de distancia. Dise\u00f1ado para los entornos m\u00e1s hostiles, el DS3600-SR es pr\u00e1cticamente indestructible, con resistencia a ca\u00eddas mejorada hasta 10\u00a0ft\/3\u00a0m sobre concreto y sellado doble IP65\/IP68. Con DataCapture DNA, el exclusivo ecosistema de software de Zebra, puede llevar el desempe\u00f1o del esc\u00e1ner mucho m\u00e1s all\u00e1 de lo b\u00e1sico, ya que simplifica cada etapa de la experiencia de escaneo durante la vida \u00fatil de su dispositivo. Y en lo que refiere a tecnolog\u00eda inal\u00e1mbrica, las caracter\u00edsticas exclusivas de Zebra del DS3678-SR lo distinguen de cualquier otro esc\u00e1ner. El DS3600-SR: el desempe\u00f1o imbatible que necesita para maximizar la productividad de la fuerza laboral y el rendimiento de sus operaciones.<\/p>\n<p><b>Ultrarresistente: un dise\u00f1o indestructible que no tiene comparaci\u00f3n<\/b><\/p>\n<p>Los esc\u00e1neres ultrarresistentes de Zebra se ganaron su nombre con justa raz\u00f3n: no encontrar\u00e1 una familia de esc\u00e1neres m\u00e1s robusta. El DS3600-SR est\u00e1 preparado para los entornos m\u00e1s hostiles del mundo con las especificaciones de ca\u00eddas, golpes y sellado m\u00e1s altas de su clase. Puede resistir ca\u00eddas sobre concreto desde 10 ft\/3 m y 7500 golpes. Con sellado doble IP65\/IP68, el DS3600-SR es resistente al polvo, puede soportar la fuerza de chorros de agua y sumergirse completamente en agua. Dise\u00f1ado para resistir calor, fr\u00edo y humedad extremos, el DS3600-SR puede usarse en cualquier lugar: bajo techo, al aire libre e incluso en c\u00e1maras frigor\u00edficas.<\/p>\n<p>&nbsp;<\/p>\n","protected":false},"excerpt":{"rendered":"<p><b>Escan\u00e9elo todo, a velocidades impresionantes<\/b><\/p>\n<p>Los trabajadores pueden leer pr\u00e1cticamente cualquier c\u00f3digo de barras 1D o 2D al instante que presionan el disparador, ya sea que lo tengan en la mano o a hasta 7\u00a0ft\/2,1\u00a0m de distancia, m\u00e1s r\u00e1pido y m\u00e1s lejos que otros esc\u00e1neres de alcance est\u00e1ndar. Impulsado por la exclusiva tecnolog\u00eda PRZM Intelligent Imaging de Zebra y la resoluci\u00f3n de sensor m\u00e1s alta de su clase, el DS3600-SR captura al instante los c\u00f3digos de barras m\u00e1s problem\u00e1ticos, incluidos c\u00f3digos de barras sucios, da\u00f1ados, mal impresos y debajo del retractilado.<\/p>\n","protected":false},"featured_media":7927,"template":"","meta":{"inline_featured_image":false,"_joinchat":[]},"product_cat":[150,203,178,217],"product_tag":[162],"class_list":{"0":"post-7897","1":"product","2":"type-product","3":"status-publish","4":"has-post-thumbnail","6":"product_cat-lectores","7":"product_cat-cableado-ultrarresistentes-industriales","8":"product_cat-ultrarresistentes-industriales","9":"product_cat-zebra","10":"product_tag-zebra","12":"first","13":"instock","14":"featured","15":"shipping-taxable","16":"product-type-simple"},"_links":{"self":[{"href":"https:\/\/telectronica.com.uy\/index.php?rest_route=\/wp\/v2\/product\/7897","targetHints":{"allow":["GET"]}}],"collection":[{"href":"https:\/\/telectronica.com.uy\/index.php?rest_route=\/wp\/v2\/product"}],"about":[{"href":"https:\/\/telectronica.com.uy\/index.php?rest_route=\/wp\/v2\/types\/product"}],"wp:featuredmedia":[{"embeddable":true,"href":"https:\/\/telectronica.com.uy\/index.php?rest_route=\/wp\/v2\/media\/7927"}],"wp:attachment":[{"href":"https:\/\/telectronica.com.uy\/index.php?rest_route=%2Fwp%2Fv2%2Fmedia&parent=7897"}],"wp:term":[{"taxonomy":"product_cat","embeddable":true,"href":"https:\/\/telectronica.com.uy\/index.php?rest_route=%2Fwp%2Fv2%2Fproduct_cat&post=7897"},{"taxonomy":"product_tag","embeddable":true,"href":"https:\/\/telectronica.com.uy\/index.php?rest_route=%2Fwp%2Fv2%2Fproduct_tag&post=7897"}],"curies":[{"name":"wp","href":"https:\/\/api.w.org\/{rel}","templated":true}]}}