{"id":7895,"date":"2022-10-20T16:15:03","date_gmt":"2022-10-20T16:15:03","guid":{"rendered":"https:\/\/telectronica.com.uy\/?post_type=product&#038;p=7895"},"modified":"2025-01-31T15:10:57","modified_gmt":"2025-01-31T18:10:57","slug":"ds2208","status":"publish","type":"product","link":"https:\/\/telectronica.com.uy\/?product=ds2208","title":{"rendered":"Lector 1D\/2D ZEBRA DS2208"},"content":{"rendered":"<p><span>Los c\u00f3digos de barras 2D han llegado a su punto de venta y aparecen en todo, desde los art\u00edculos que compran sus clientes hasta cupones impresos y electr\u00f3nicos y tarjetas de fidelizaci\u00f3n.\u00a0<\/span><span>Su esc\u00e1ner 1D no puede capturar los nuevos c\u00f3digos 2D, lo que genera excepciones que ralentizan el proceso de pago y frustran a los clientes en ese \u00faltimo punto de contacto personal clave en su tienda.\u00a0<\/span><span>Pero con la Serie DS2200, puede escanearlo todo.\u00a0<\/span><span>Obtiene un generador de im\u00e1genes 1D\/2D asequible que no compromete el rendimiento ni las funciones por precio.\u00a0<\/span><span>Sus trabajadores obtienen el mejor escaneo de su clase a la primera y siempre con la simplicidad de apuntar y disparar.\u00a0<\/span><span>Obtiene una impresora de im\u00e1genes que no podr\u00eda ser m\u00e1s f\u00e1cil de implementar y administrar.\u00a0<\/span><span>Y puede elegir el modelo que mejor se adapte a sus necesidades de POS: el DS2208 con cable o el DS2278 inal\u00e1mbrico.\u00a0<\/span><span>La serie DS2200: la asequibilidad que exige su presupuesto, con la implementaci\u00f3n<\/span>.<\/p>\n<p><span>La serie DS2200 ofrece todas las funciones que necesita para agregar escaneo de alta calidad a su POS basado en tablet. <\/span><span>El cable Micro USB proporciona una alternativa de carga de bajo costo a una cuna.\u00a0<\/span><span>Y con nuestras herramientas de desarrollo de aplicaciones simplificadas, puede configurar y actualizar f\u00e1cilmente la serie DS2200 directamente desde la tablet.<\/span><\/p>\n<p><b><span>Compatible con versiones anteriores de cables de la serie Zebra LS2208<\/span><\/b><\/p>\n<p><span>Si usa los esc\u00e1neres 1D LS2208 de Zebra hoy, puede usar los mismos cables universales con la serie DS2200, lo que le permite aprovechar su inversi\u00f3n en accesorios existentes para minimizar el costo de actualizar a un generador de im\u00e1genes 1D\/2D.<\/span><\/p>\n","protected":false},"excerpt":{"rendered":"<p><b><span>Preconfigurado y listo para usar, nada m\u00e1s sacarlo de la caja<\/span><\/b><\/p>\n<p><span>Dado que la configuraci\u00f3n predeterminada est\u00e1 optimizada para la mayor\u00eda de las aplicaciones de escaneo, puede usar el generador de im\u00e1genes de la serie DS2200 en el momento en que lo saca de la caja, sin necesidad de configuraci\u00f3n.<\/span><\/p>\n<p><b><span>Cables de detecci\u00f3n autom\u00e1tica de host<\/span><\/b><\/p>\n<p><span>Simplemente conecte la serie DS2200 a su punto de venta (POS) y los cables de detecci\u00f3n de host autom\u00e1tico identificar\u00e1n autom\u00e1ticamente la interfaz y conectar\u00e1n la impresora de im\u00e1genes, simplificando y reduciendo el tiempo de configuraci\u00f3n.<\/span><\/p>\n","protected":false},"featured_media":7920,"template":"","meta":{"inline_featured_image":false,"_joinchat":[]},"product_cat":[150,151,201,217],"product_tag":[162],"class_list":{"0":"post-7895","1":"product","2":"type-product","3":"status-publish","4":"has-post-thumbnail","6":"product_cat-lectores","7":"product_cat-de-uso-general","8":"product_cat-cableado","9":"product_cat-zebra","10":"product_tag-zebra","12":"first","13":"instock","14":"featured","15":"shipping-taxable","16":"product-type-simple"},"_links":{"self":[{"href":"https:\/\/telectronica.com.uy\/index.php?rest_route=\/wp\/v2\/product\/7895","targetHints":{"allow":["GET"]}}],"collection":[{"href":"https:\/\/telectronica.com.uy\/index.php?rest_route=\/wp\/v2\/product"}],"about":[{"href":"https:\/\/telectronica.com.uy\/index.php?rest_route=\/wp\/v2\/types\/product"}],"wp:featuredmedia":[{"embeddable":true,"href":"https:\/\/telectronica.com.uy\/index.php?rest_route=\/wp\/v2\/media\/7920"}],"wp:attachment":[{"href":"https:\/\/telectronica.com.uy\/index.php?rest_route=%2Fwp%2Fv2%2Fmedia&parent=7895"}],"wp:term":[{"taxonomy":"product_cat","embeddable":true,"href":"https:\/\/telectronica.com.uy\/index.php?rest_route=%2Fwp%2Fv2%2Fproduct_cat&post=7895"},{"taxonomy":"product_tag","embeddable":true,"href":"https:\/\/telectronica.com.uy\/index.php?rest_route=%2Fwp%2Fv2%2Fproduct_tag&post=7895"}],"curies":[{"name":"wp","href":"https:\/\/api.w.org\/{rel}","templated":true}]}}